{"id":698,"date":"2019-05-06T22:48:22","date_gmt":"2019-05-06T20:48:22","guid":{"rendered":"http:\/\/www.lahiette.com\/leratierbretonnien\/?page_id=698"},"modified":"2019-05-06T23:03:30","modified_gmt":"2019-05-06T21:03:30","slug":"revue-deluge","status":"publish","type":"page","link":"https:\/\/www.lahiette.com\/leratierbretonnien\/revue-deluge\/","title":{"rendered":"Revue \u00ab\u00a0D\u00e9luge\u00a0\u00bb"},"content":{"rendered":"\n<p><strong>ATTENTION : NE PAS LIRE SI VOUS ETES JOUEURS<\/strong><\/p>\n\n\n\n<p>J&rsquo;ai pledg\u00e9 cette traduction des campagnes depuis bient\u00f4t 2 ans maintenant si je ne m&rsquo;abuse (on est en mai 2019) et je ne dispose toujours que des version PDF. Comme j&rsquo;esp\u00e9rais avoir les impression fin 2018, j&rsquo;ai d\u00e9marr\u00e9 la campagne \u00e0 cette p\u00e9riode, et l&rsquo;absence de la version papier commence \u00e0 se faire assez cruellement sentir. Bref.<\/p>\n\n\n\n<p>Sur la partie \u00ab\u00a0background\u00a0\u00bb, le Labyrinthe est bien d\u00e9crit, avec des donn\u00e9es utiles pour les endroits les plus marquants. Malheureusement, la carte g\u00e9n\u00e9rale reste beaucoup trop impr\u00e9cise. Je passe sur les r\u00e8gles de g\u00e9n\u00e9ration al\u00e9atoire d&rsquo;aventure, que je go\u00fbte en g\u00e9n\u00e9ral assez peu.<\/p>\n\n\n\n<p>Sur la campagne, le principe \u00ab\u00a0Plot Points\u00a0\u00bb est bas\u00e9 sur une trame g\u00e9n\u00e9rale, enrichie d&rsquo;une palanqu\u00e9e de mini ou moyens sc\u00e9narios, que le ma\u00eetre de jeu vient intercaler \u00e0 sa guise. Si cette trame g\u00e9n\u00e9rale reste assez \u00e9pique et bien document\u00e9e, les 3 premiers \u00e9pisodes sont assez &#8211; trop &#8211; dirigistes \u00e0 mon go\u00fbt. <\/p>\n\n\n\n<p>En ce qu&rsquo;il concerne les \u00ab\u00a0aventures\u00a0\u00bb (ou Savage Tales), au nombre de 35 si je ne m&rsquo;abuse, cela va du tr\u00e8s m\u00e9diocre au bon. Certaines me donnent l&rsquo;impression d&rsquo;avoir \u00e9t\u00e9 \u00e9crites \u00e0 la va vite, pour remplir de la page. D&rsquo;autres ont de bonnes id\u00e9es, mais restent assez moyennes dans leur description. Globalement, pour \u00eatre franc, je n&rsquo;ai toujours pas saisi la quintessence spirituelle de proposer une campagne sous cette forme, mis \u00e0 part pour se donner un air d&rsquo;originalit\u00e9. <\/p>\n\n\n\n<p>En effet, ce type de structure de document &#8211; justement d\u00e9structur\u00e9 &#8211; oblige le MJ \u00e0 aller sans cesse de \u00ab\u00a0Savage Tales\u00a0\u00bb en \u00ab\u00a0Savage Tales\u00a0\u00bb et d&rsquo;intrigues en intrigues pour construire son histoire. Et comme pas mal de \u00ab\u00a0Savage Tales\u00a0\u00bb sont succinctes, il faut \u00e0 nouveau sans arr\u00eat venir les am\u00e9liorer, modifier, etc, etc.<\/p>\n\n\n\n<p>Certes me direz-vous, mais c&rsquo;est l\u00e0 tout le boulot du MJ. Tout \u00e0 fait, vous r\u00e9pondrais-je, mais lorsque j&rsquo;ach\u00e8te des livres \u00e0 plus de 100 EUR, c&rsquo;est pour avoir un certain confort et me faire gagner du temps. Retravailler sans cesse des sc\u00e9narios dont beaucoup sont des PMT (Porte-Monstre-Tr\u00e9sor) \u00e0 peine d\u00e9guis\u00e9s, je n&rsquo;y vois pas particuli\u00e8rement d\u2019int\u00e9r\u00eat. Ajoutons \u00e0 cela la faiblesse des plans propos\u00e9s, parfois quasi-illisibles.<\/p>\n\n\n\n<p>En tant que vieux (con?) du JDR, \u00e0 mon go\u00fbt, j&rsquo;aurais clairement pr\u00e9f\u00e9r\u00e9 une pr\u00e9sentation de campagne plus classique, avec une liste de Savage Tales intercalaires possibles (genre 2-3)  entre chaque intrigues \u00ab\u00a0majeures\u00a0\u00bb, au choix du MJ, et selon le d\u00e9roulement de son aventure. On aurait eu moins de \u00ab\u00a0Savage Tales\u00a0\u00bb, mais gagn\u00e9 en qualit\u00e9 de contenu et en \u00ab\u00a0finesse\u00a0\u00bb, tout en conservant une souplesse pour chaque meneur et en optimisant son temps.<\/p>\n\n\n\n<p>Au final, bien s\u00fbr, c&rsquo;est un beau livre et je ne regrette pas mon achat, puisque je l&rsquo;utilise r\u00e9ellement pour ma campagne. Mais je reste plus que dubitatif sur ce choix de \u00ab\u00a0Plot Points\u00a0\u00bb qui privil\u00e9gient la complexit\u00e9 de lecture et la quantit\u00e9 au d\u00e9triment de la qualit\u00e9 et du confort du meneur.<\/p>\n","protected":false},"excerpt":{"rendered":"<p>ATTENTION : NE PAS LIRE SI VOUS ETES JOUEURS J&rsquo;ai pledg\u00e9 cette traduction des campagnes depuis bient\u00f4t 2 ans maintenant si je ne m&rsquo;abuse (on est en mai 2019) et je ne dispose toujours que des version PDF. Comme j&rsquo;esp\u00e9rais &hellip; <a href=\"https:\/\/www.lahiette.com\/leratierbretonnien\/revue-deluge\/\">Continuer la lecture <span class=\"meta-nav\">&rarr;<\/span><\/a><\/p>\n","protected":false},"author":1,"featured_media":0,"parent":0,"menu_order":0,"comment_status":"open","ping_status":"closed","template":"","meta":{"footnotes":""},"class_list":["post-698","page","type-page","status-publish","hentry"],"_links":{"self":[{"href":"https:\/\/www.lahiette.com\/leratierbretonnien\/wp-json\/wp\/v2\/pages\/698","targetHints":{"allow":["GET"]}}],"collection":[{"href":"https:\/\/www.lahiette.com\/leratierbretonnien\/wp-json\/wp\/v2\/pages"}],"about":[{"href":"https:\/\/www.lahiette.com\/leratierbretonnien\/wp-json\/wp\/v2\/types\/page"}],"author":[{"embeddable":true,"href":"https:\/\/www.lahiette.com\/leratierbretonnien\/wp-json\/wp\/v2\/users\/1"}],"replies":[{"embeddable":true,"href":"https:\/\/www.lahiette.com\/leratierbretonnien\/wp-json\/wp\/v2\/comments?post=698"}],"version-history":[{"count":4,"href":"https:\/\/www.lahiette.com\/leratierbretonnien\/wp-json\/wp\/v2\/pages\/698\/revisions"}],"predecessor-version":[{"id":702,"href":"https:\/\/www.lahiette.com\/leratierbretonnien\/wp-json\/wp\/v2\/pages\/698\/revisions\/702"}],"wp:attachment":[{"href":"https:\/\/www.lahiette.com\/leratierbretonnien\/wp-json\/wp\/v2\/media?parent=698"}],"curies":[{"name":"wp","href":"https:\/\/api.w.org\/{rel}","templated":true}]}}