{"id":651,"date":"2019-03-25T19:18:12","date_gmt":"2019-03-25T18:18:12","guid":{"rendered":"http:\/\/www.lahiette.com\/leratierbretonnien\/?page_id=651"},"modified":"2019-07-28T08:14:46","modified_gmt":"2019-07-28T06:14:46","slug":"da-la-traque-de-custer","status":"publish","type":"page","link":"https:\/\/www.lahiette.com\/leratierbretonnien\/wargames-figurines\/draculas-america\/da-la-traque-de-custer\/","title":{"rendered":"DA : La traque de Custer"},"content":{"rendered":"\n<p>Apr\u00e8s cette \u00e9tape de progression, les sorci\u00e8res de Salem se retrouvent avec la plus faible infamie. Le joueur (c&rsquo;est \u00e0 dire moi \ud83d\ude42 ), vu la faiblesse de son \u00e9quipe, d\u00e9cide d&rsquo;affronter les deux t\u00eates de liste : les fid\u00e8les de Dracula et la Congr\u00e9gation. L&rsquo;objectif est de les laisser se d\u00e9cimer entre eux tout en tentant de survivre. Sur l&rsquo;autre table, les Indiens se retrouvent donc confront\u00e9s \u00e0 la Conf\u00e9d\u00e9ration des T\u00e9n\u00e8bres.<\/p>\n\n\n\n<figure class=\"wp-block-image\"><img loading=\"lazy\" decoding=\"async\" width=\"1024\" height=\"768\" src=\"https:\/\/www.lahiette.com\/leratierbretonnien\/wp-content\/uploads\/2019\/03\/P1050351-1024x768.jpg\" alt=\"\" class=\"wp-image-655\"\/><figcaption>Les sorci\u00e8res et leur possee, bien planqu\u00e9s dans un coin..<\/figcaption><\/figure>\n\n\n\n<p>Sur la table \u00e0 3, Custer commence son d\u00e9placement al\u00e9atoire dans la direction des Vampires. Avec un double d\u00e9placement de 6&Prime;, il se retrouve vite \u00e0 port\u00e9 des tirs des sbires de Dracula, tandis que la Congr\u00e9gation avance ses pions petit \u00e0 petit, tout en arrosant de plombs les Sorci\u00e8res. <\/p>\n\n\n\n<figure class=\"wp-block-image\"><img loading=\"lazy\" decoding=\"async\" width=\"1024\" height=\"768\" src=\"https:\/\/www.lahiette.com\/leratierbretonnien\/wp-content\/uploads\/2019\/03\/P1050358-1024x768.jpg\" alt=\"\" class=\"wp-image-656\"\/><figcaption>La congr\u00e9gation profite du d\u00e9cor pour avancer pas \u00e0 pas.<\/figcaption><\/figure>\n\n\n\n<p>R\u00e9duit \u00e0 0 PV au bout 3 tours, Custer est r\u00e9cup\u00e9r\u00e9 par les Vampires, tandis que divers \u00e9changes de coup de feu et sortil\u00e8ges ont lieu entre les sorci\u00e8res et la Congr\u00e9gation. R\u00e9duit \u00e0 3 figurines &#8211; et sans leur chef &#8211; les sorci\u00e8res ne peuvent que constater le carnage et terminent la partie en mode cache-cache. <\/p>\n\n\n\n<figure class=\"wp-block-image\"><img loading=\"lazy\" decoding=\"async\" width=\"1024\" height=\"768\" src=\"https:\/\/www.lahiette.com\/leratierbretonnien\/wp-content\/uploads\/2019\/03\/P1050357-1024x768.jpg\" alt=\"\" class=\"wp-image-666\"\/><figcaption>Courageuses sorci\u00e8res &#8230;<\/figcaption><\/figure>\n\n\n\n<p>De son c\u00f4t\u00e9, le joueur Congr\u00e9gationniste (\u00e7a se dit ?) n&rsquo;\u00e9coute que son courage et tente un assaut en force vers le coin ou se sont retranch\u00e9s les Vampires, qui poss\u00e8dent d\u00e9sormais Custer.<\/p>\n\n\n\n<figure class=\"wp-block-image\"><img loading=\"lazy\" decoding=\"async\" width=\"1024\" height=\"768\" src=\"https:\/\/www.lahiette.com\/leratierbretonnien\/wp-content\/uploads\/2019\/03\/P1050366-1024x768.jpg\" alt=\"\" class=\"wp-image-657\"\/><figcaption>Attaque en file indienne de la Congr\u00e9gation, les sorci\u00e8res restent planqu\u00e9es dans le coin en haut \u00e0 gauche. Les Vampires se mettent en mode \u00ab\u00a0d\u00e9fense\u00a0\u00bb, dans leur coin \u00e9galement.<br><\/figcaption><\/figure>\n\n\n\n<p>Malgr\u00e9 une attaque acharn\u00e9e, la Congr\u00e9gation ne parvient pas \u00e0 renverser la vapeur, et Custer reste entre les mains des \u00ab\u00a0Draculistes\u00a0\u00bb. Des pertes sont comptabilis\u00e9es de part et d&rsquo;autres, avec un petit plus pour les ex-esclaves. La partie se termine sur la victoire des fid\u00e8les de Dracula.<\/p>\n\n\n\n<figure class=\"wp-block-image\"><img loading=\"lazy\" decoding=\"async\" width=\"1024\" height=\"768\" src=\"https:\/\/www.lahiette.com\/leratierbretonnien\/wp-content\/uploads\/2019\/03\/P1050375-1024x768.jpg\" alt=\"\" class=\"wp-image-658\"\/><figcaption>D\u00e9fense group\u00e9e pour les Vampires<\/figcaption><\/figure>\n\n\n\n<p>Sur la table \u00e0 2 joueurs, Custer se dirige \u00e9galement plut\u00f4t vers la Conf\u00e9d\u00e9ration, tandis que les Indiens se lancent \u00e0 sa poursuite.<\/p>\n\n\n\n<figure class=\"wp-block-image\"><img loading=\"lazy\" decoding=\"async\" width=\"1024\" height=\"768\" src=\"https:\/\/www.lahiette.com\/leratierbretonnien\/wp-content\/uploads\/2019\/03\/P1050349-1024x768.jpg\" alt=\"\" class=\"wp-image-659\"\/><figcaption>Avanc\u00e9e d&rsquo;Indiens dans la plaine<\/figcaption><\/figure>\n\n\n\n<p>Mais la Conf\u00e9d\u00e9ration, aid\u00e9e par son N\u00e9cromancien et par son mercenaire fossoyeur (combo qui tue !) envoi des vagues de Revenants, bien p\u00e9nibles \u00e0 tuer et qui ralentissent la progression des Change-Peaux. Entre temps, Custer a \u00e9t\u00e9 abattu et se voit r\u00e9cup\u00e9r\u00e9 par une tunique grise. L\u00e0 encore, malgr\u00e9 tout leurs efforts h\u00e9ro\u00efques, les indig\u00e8nes ne parviendront pas \u00e0 briser la d\u00e9fense des vils conf\u00e9d\u00e9r\u00e9s. La partie se termine avec des pertes c\u00f4t\u00e9 Indiens et assez peu de d\u00e9g\u00e2ts c\u00f4t\u00e9 Conf\u00e9d\u00e9ration.<\/p>\n\n\n\n<figure class=\"wp-block-image\"><img loading=\"lazy\" decoding=\"async\" width=\"1024\" height=\"768\" src=\"https:\/\/www.lahiette.com\/leratierbretonnien\/wp-content\/uploads\/2019\/03\/P1050355-1024x768.jpg\" alt=\"\" class=\"wp-image-660\"\/><figcaption>Des conf\u00e9d\u00e9r\u00e9s bien retranch\u00e9s<\/figcaption><\/figure>\n\n\n\n<p>Victoire pour la Conf\u00e9d\u00e9ration !<\/p>\n\n\n\n<p>La phase de progression qui suit voit l&rsquo;am\u00e9lioration de quelques unit\u00e9s, tandis que des recrutements compl\u00e9mentaires s&rsquo;op\u00e8rent du c\u00f4t\u00e9 des Sorci\u00e8res et des Vampires. Un peu de mat\u00e9riel est achet\u00e9 \u00e9galement.<\/p>\n\n\n\n<p>Ce sympathique sc\u00e9nario souffre d&rsquo;un d\u00e9faut : le d\u00e9placement rapide de Custer sous forme de b\u00eate le place trop rapidement aux mains d&rsquo;un seul joueur. Je propose comme modifications de ce sc\u00e9nario les 2 r\u00e8gles suivantes : <\/p>\n\n\n\n<ul class=\"wp-block-list\"><li>Custer sous sa forme bestiale, ne fait qu&rsquo;un d\u00e9placement de 6&Prime; (cela \u00e9vite de le placer trop vite \u00e0 proximit\u00e9 d&rsquo;une seule \u00e9quipe),<\/li><li>Il se tourne toujours vers la derni\u00e8re figurine \u00e0 lui avoir fait des d\u00e9g\u00e2ts, sauf si il est d\u00e9ja au contact (cela apporte un petit plus strat\u00e9gique sur l&rsquo;ordre des tirs, car Custer se d\u00e9placera alors dans la direction de celui qui a tir\u00e9 en dernier).<\/li><\/ul>\n\n\n\n<p>Prochaine \u00e9tape : Convergence extr\u00eame !<\/p>\n","protected":false},"excerpt":{"rendered":"<p>Apr\u00e8s cette \u00e9tape de progression, les sorci\u00e8res de Salem se retrouvent avec la plus faible infamie. Le joueur (c&rsquo;est \u00e0 dire moi \ud83d\ude42 ), vu la faiblesse de son \u00e9quipe, d\u00e9cide d&rsquo;affronter les deux t\u00eates de liste : les fid\u00e8les &hellip; <a href=\"https:\/\/www.lahiette.com\/leratierbretonnien\/wargames-figurines\/draculas-america\/da-la-traque-de-custer\/\">Continuer la lecture <span class=\"meta-nav\">&rarr;<\/span><\/a><\/p>\n","protected":false},"author":1,"featured_media":0,"parent":120,"menu_order":0,"comment_status":"open","ping_status":"closed","template":"","meta":{"footnotes":""},"class_list":["post-651","page","type-page","status-publish","hentry"],"_links":{"self":[{"href":"https:\/\/www.lahiette.com\/leratierbretonnien\/wp-json\/wp\/v2\/pages\/651","targetHints":{"allow":["GET"]}}],"collection":[{"href":"https:\/\/www.lahiette.com\/leratierbretonnien\/wp-json\/wp\/v2\/pages"}],"about":[{"href":"https:\/\/www.lahiette.com\/leratierbretonnien\/wp-json\/wp\/v2\/types\/page"}],"author":[{"embeddable":true,"href":"https:\/\/www.lahiette.com\/leratierbretonnien\/wp-json\/wp\/v2\/users\/1"}],"replies":[{"embeddable":true,"href":"https:\/\/www.lahiette.com\/leratierbretonnien\/wp-json\/wp\/v2\/comments?post=651"}],"version-history":[{"count":15,"href":"https:\/\/www.lahiette.com\/leratierbretonnien\/wp-json\/wp\/v2\/pages\/651\/revisions"}],"predecessor-version":[{"id":677,"href":"https:\/\/www.lahiette.com\/leratierbretonnien\/wp-json\/wp\/v2\/pages\/651\/revisions\/677"}],"up":[{"embeddable":true,"href":"https:\/\/www.lahiette.com\/leratierbretonnien\/wp-json\/wp\/v2\/pages\/120"}],"wp:attachment":[{"href":"https:\/\/www.lahiette.com\/leratierbretonnien\/wp-json\/wp\/v2\/media?parent=651"}],"curies":[{"name":"wp","href":"https:\/\/api.w.org\/{rel}","templated":true}]}}