{"id":3203,"date":"2025-12-10T23:11:19","date_gmt":"2025-12-10T22:11:19","guid":{"rendered":"https:\/\/www.lahiette.com\/leratierbretonnien\/?page_id=3203"},"modified":"2025-12-24T16:15:46","modified_gmt":"2025-12-24T15:15:46","slug":"mournblade-et-le-cyd-2-0","status":"publish","type":"page","link":"https:\/\/www.lahiette.com\/leratierbretonnien\/mournblade-et-le-cyd-2-0\/","title":{"rendered":"Mournblade et le CYD 2.0"},"content":{"rendered":"\n<p class=\"has-text-align-left\">Alors que Titam France (la soci\u00e9t\u00e9 \u00e9ditrice de Mournblade, Hawkmoon, Wastelands et des H\u00e9ritiers) vient de fermer ses portes, le sieur <strong>Palanthis<\/strong>, probablement guid\u00e9 par Donblas lui-m\u00eame, a r\u00e9dig\u00e9 une adaptation du CYD 2.0 (Choose Your Dice) \u00e0 Mournblade.<\/p>\n\n\n\n<p>Pour les enfants de Slortar qui se seraient \u00e9gar\u00e9s dans la luxure et l&rsquo;oubli, le CYD 1.0 est le syst\u00e8me qui motorise Wastelands et Mournblade, tandis que le CYD 2.0 emballe les aventures d&rsquo;Hawkmoon. Jug\u00e9 plus moderne et moins propice aux \u00ab\u00a0sacs \u00e0 PV\u00a0\u00bb parfois reproch\u00e9 au CYD 1.0, le CYD 2.0 apporte des affrontements plus dynamiques et des r\u00e8gles plus homog\u00e8nes.<\/p>\n\n\n\n<p>Cette adaptation du CYD 2.0 \u00e0 Mournblade, enti\u00e8rement d\u00e9velopp\u00e9e par Palanthis &#8211; rappelons-le &#8211; traite de l&rsquo;ensemble des sujets, de la cr\u00e9ation de personnages \u00e0 la Sorcellerie, en passant par les combats et autres Dons.<\/p>\n\n\n\n<p>Attir\u00e9 par l&rsquo;odeur all\u00e9chante et au hasard des r\u00e9seaux, c&rsquo;est en discutant avec Palanthis que je me suis lanc\u00e9 dans la mise page de l&rsquo;ouvrage, qui offre donc aux lecteurs \u00e9bahis un contenu de 163 pages, avec chapitrage, index et autres encarts ! La fiche de personnages adapt\u00e9es au CYD 2.0 est \u00e9galement disponible plus bas.<\/p>\n\n\n\n<p>Mais tr\u00eave de palabres oiseux, le document se t\u00e9l\u00e9charge <a href=\"https:\/\/www.lahiette.com\/leratierbretonnien\/wp-content\/uploads\/2025\/12\/Mournblade-CYD2.0_pao_v09.pdf\" data-type=\"attachment\" data-id=\"3206\">ICI<\/a>.<\/p>\n\n\n\n<div data-wp-interactive=\"core\/file\" class=\"wp-block-file\"><object data-wp-bind--hidden=\"!state.hasPdfPreview\" hidden class=\"wp-block-file__embed\" data=\"https:\/\/www.lahiette.com\/leratierbretonnien\/wp-content\/uploads\/2025\/12\/Mournblade-CYD2.0_pao_v09.pdf\" type=\"application\/pdf\" style=\"width:100%;height:600px\" aria-label=\"Contenu embarqu\u00e9 Mournblade-CYD2.0_pao_v09.\"><\/object><a id=\"wp-block-file--media-1209612c-e32d-4deb-8536-0c69a514434c\" href=\"https:\/\/www.lahiette.com\/leratierbretonnien\/wp-content\/uploads\/2025\/12\/Mournblade-CYD2.0_pao_v09.pdf\">Mournblade-CYD2.0_pao_v09<\/a><a href=\"https:\/\/www.lahiette.com\/leratierbretonnien\/wp-content\/uploads\/2025\/12\/Mournblade-CYD2.0_pao_v09.pdf\" class=\"wp-block-file__button wp-element-button\" download aria-describedby=\"wp-block-file--media-1209612c-e32d-4deb-8536-0c69a514434c\">T\u00e9l\u00e9charger<\/a><\/div>\n\n\n\n<p>Et la fiche de perso adapt\u00e9e au CYD 2.0 est disponible l\u00e0 dessous : <\/p>\n\n\n\n<div data-wp-interactive=\"core\/file\" class=\"wp-block-file\"><object data-wp-bind--hidden=\"!state.hasPdfPreview\" hidden class=\"wp-block-file__embed\" data=\"https:\/\/www.lahiette.com\/leratierbretonnien\/wp-content\/uploads\/2025\/12\/Mournblade-CYD-2_0-FDP-1_0.pdf\" type=\"application\/pdf\" style=\"width:100%;height:600px\" aria-label=\"Contenu embarqu\u00e9 Mournblade-CYD-2_0-FDP-1_0.\"><\/object><a id=\"wp-block-file--media-59026025-d25e-4f12-82d6-4e31fb75cab0\" href=\"https:\/\/www.lahiette.com\/leratierbretonnien\/wp-content\/uploads\/2025\/12\/Mournblade-CYD-2_0-FDP-1_0.pdf\">Mournblade-CYD-2_0-FDP-1_0<\/a><a href=\"https:\/\/www.lahiette.com\/leratierbretonnien\/wp-content\/uploads\/2025\/12\/Mournblade-CYD-2_0-FDP-1_0.pdf\" class=\"wp-block-file__button wp-element-button\" download aria-describedby=\"wp-block-file--media-59026025-d25e-4f12-82d6-4e31fb75cab0\">T\u00e9l\u00e9charger<\/a><\/div>\n","protected":false},"excerpt":{"rendered":"<p>Alors que Titam France (la soci\u00e9t\u00e9 \u00e9ditrice de Mournblade, Hawkmoon, Wastelands et des H\u00e9ritiers) vient de fermer ses portes, le sieur Palanthis, probablement guid\u00e9 par Donblas lui-m\u00eame, a r\u00e9dig\u00e9 une adaptation du CYD 2.0 (Choose Your Dice) \u00e0 Mournblade. Pour &hellip; <a href=\"https:\/\/www.lahiette.com\/leratierbretonnien\/mournblade-et-le-cyd-2-0\/\">Continuer la lecture <span class=\"meta-nav\">&rarr;<\/span><\/a><\/p>\n","protected":false},"author":1,"featured_media":0,"parent":0,"menu_order":0,"comment_status":"open","ping_status":"closed","template":"","meta":{"footnotes":""},"class_list":["post-3203","page","type-page","status-publish","hentry"],"_links":{"self":[{"href":"https:\/\/www.lahiette.com\/leratierbretonnien\/wp-json\/wp\/v2\/pages\/3203","targetHints":{"allow":["GET"]}}],"collection":[{"href":"https:\/\/www.lahiette.com\/leratierbretonnien\/wp-json\/wp\/v2\/pages"}],"about":[{"href":"https:\/\/www.lahiette.com\/leratierbretonnien\/wp-json\/wp\/v2\/types\/page"}],"author":[{"embeddable":true,"href":"https:\/\/www.lahiette.com\/leratierbretonnien\/wp-json\/wp\/v2\/users\/1"}],"replies":[{"embeddable":true,"href":"https:\/\/www.lahiette.com\/leratierbretonnien\/wp-json\/wp\/v2\/comments?post=3203"}],"version-history":[{"count":6,"href":"https:\/\/www.lahiette.com\/leratierbretonnien\/wp-json\/wp\/v2\/pages\/3203\/revisions"}],"predecessor-version":[{"id":3217,"href":"https:\/\/www.lahiette.com\/leratierbretonnien\/wp-json\/wp\/v2\/pages\/3203\/revisions\/3217"}],"wp:attachment":[{"href":"https:\/\/www.lahiette.com\/leratierbretonnien\/wp-json\/wp\/v2\/media?parent=3203"}],"curies":[{"name":"wp","href":"https:\/\/api.w.org\/{rel}","templated":true}]}}