{"id":310,"date":"2018-07-31T21:07:29","date_gmt":"2018-07-31T19:07:29","guid":{"rendered":"http:\/\/www.lahiette.com\/leratierbretonnien\/?page_id=310"},"modified":"2022-10-26T09:35:35","modified_gmt":"2022-10-26T07:35:35","slug":"warhammer-4-cubicle-7","status":"publish","type":"page","link":"https:\/\/www.lahiette.com\/leratierbretonnien\/warhammer\/warhammer-4-cubicle-7\/","title":{"rendered":"Warhammer 4 &#8211; Cubicle7\/Khaos Project"},"content":{"rendered":"<p>Je me suis fendu d&rsquo;acheter la pr\u00e9-version PDF de la quatri\u00e8me \u00e9dition de Warhammer, le jeu de r\u00f4le, \u00e9dit\u00e9\/d\u00e9velopp\u00e9 par cubicle7, ainsi que de la VF (Kahos Project). Apr\u00e8s une lecture assez rapide, voici quelques opinions, un peu vrac.<\/p>\n<p>Ce que je trouve pas mal :<\/p>\n<ul>\n<li>le livre est beau, les dessins bien r\u00e9alis\u00e9s et dans l&rsquo;ambiance.<\/li>\n<li>le nouveau syst\u00e8me de carri\u00e8re et de progression est tr\u00e8s bien et r\u00e9ussit une synth\u00e8se entre toutes les \u00e9ditions. Il devient possible de garder une carri\u00e8re \u00ab\u00a0\u00e0 vie\u00a0\u00bb, puisque les progressions deviennent illimit\u00e9es &#8211; avec un co\u00fbt en XP exponentiel, pas d&rsquo;inqui\u00e9tude ! La progression se retrouve globalement \u00ab\u00a0ralentie\u00a0\u00bb par rapport \u00e0 la V2.<\/li>\n<li>les comp\u00e9tences ont \u00e9t\u00e9 \u00e9quilibr\u00e9es : on trouve ainsi des comp\u00e9tences basiques, qui peuvent se tester avec la caract\u00e9ristique \u00ab\u00a0de base\u00a0\u00bb m\u00eame si on a pas la comp\u00e9tence, et des comp\u00e9tences avanc\u00e9es, impossible \u00e0 utiliser si on ne la poss\u00e8de pas.<\/li>\n<li>les talents peuvent se prendre plusieurs fois, avec des r\u00e8gles sp\u00e9cifiques qui me semblent tenir la route;<\/li>\n<li>le syst\u00e8me de jeu est quasi-identique \u00e0 la v2, si ce n&rsquo;est que l&rsquo;accent est mis sur les niveau de r\u00e9ussites (SL en VO), c&rsquo;est \u00e0 dire la diff\u00e9rence entre les dizaines de votre jet et le score \u00e0 atteindre (ie vous avez 42% en \u00ab\u00a0Weapon Skill\u00a0\u00bb, vous faites 21 au d\u00e9s, votre SL est de +2). Ce principe \u00e9tait d\u00e9j\u00e0 pr\u00e9sent en v2, mais il est g\u00e9n\u00e9ralis\u00e9 et devient syst\u00e9matique dans la v4.<\/li>\n<li>au niveau des combats, je note l&rsquo;ajout de la notion d&rsquo;Avantage : grosso-modo, tant que vous faites de dommages \u00e0 un adversaire, vous gagnez des jetons d&rsquo;avantages. Chaque jeton vous donne un +10%, tant que vous ne faites pas un \u00e9chec ou que vous ne faites pas de d\u00e9g\u00e2ts.<\/li>\n<li>Vous pouvez vous sp\u00e9cialiser dans des armes sp\u00e9cifiques, avec un co\u00fbt en XP inf\u00e9rieur \u00e0 la progression de la caract\u00e9ristique associ\u00e9e (Weapon Skill ou Ballistic Skill).<\/li>\n<li>Les critiques et maladresses ont \u00e9t\u00e9 int\u00e9gr\u00e9s au syst\u00e8me, mais beaucoup les utilisent d\u00e9j\u00e0 dans la V2.<\/li>\n<li>La magie a \u00e9t\u00e9 revue, avec une r\u00e8gle bas\u00e9e uniquement sur les comp\u00e9tences, et pas le syst\u00e8me des D10 \u00e0 additionner de la V2, que j&rsquo;ai personnellement toujours trouv\u00e9 un peu bancal.<\/li>\n<\/ul>\n<p>Ce que je sais pas dire si j&rsquo;aime ou pas :<\/p>\n<ul>\n<li>les \u00ab\u00a0missions\u00a0\u00bb et activit\u00e9s inter-aventures : le livre propose une liste de chose que peut faire le personnage, avec des mini-r\u00e8gles permettant de les g\u00e9rer. Je trouve l&rsquo;intention louable, mais \u00e0 titre perso en tant que MJ, je g\u00e8re toujours \u00e7a en r\u00f4le play, pas en proposant une \u00ab\u00a0liste de courses\u00a0\u00bb possibles.<\/li>\n<\/ul>\n<p>Ce que j&rsquo;aime moins :<\/p>\n<ul>\n<li>l&rsquo;incitation au tirage al\u00e9atoire de la race\/carac\/profession, r\u00e9compens\u00e9e par des XP si le joueur accepte le tirage des d\u00e9s.<\/li>\n<li>pas de sc\u00e9nario inclus.<\/li>\n<\/ul>\n<p>J&rsquo;ai re\u00e7u la VF, tr\u00e8s belle \u00e9galement, qui souffre malheureusement d&rsquo;erreurs de traduction assez \u00e9nervantes dans sa premi\u00e8re version (<strong>EDIT : La VF commercialis\u00e9e depuis 2021 a \u00e9t\u00e9 revue et corrig\u00e9e et ne contient donc plus toutes ces erreurs). <\/strong>Outre les habituels oublis de portions de texte &#8211; que l&rsquo;on retrouve dans toutes les traductions &#8211; il y a des preuves flagrantes d&rsquo;une absence quasi-totale de relecture s\u00e9rieuse, et ce, de mani\u00e8re assez fr\u00e9quente.<\/p>\n<p>Un exemple parmi d&rsquo;autres : dans l&rsquo;explication sur l&rsquo;utilisation de la \u00ab\u00a0D\u00e9termination\u00a0\u00bb, on passe tout d&rsquo;un coup en l&rsquo;espace de quelques lignes \u00e0 de la \u00ab\u00a0R\u00e9silience Temporaire\u00a0\u00bb. A la premi\u00e8re lecture, on se dit \u00ab\u00a0Mais qu&rsquo;est-ce donc que cela ?\u00a0\u00bb. C&rsquo;est en relisant et en se concentrant qu&rsquo;on finit par comprendre que la \u00ab\u00a0R\u00e9silience temporaire\u00a0\u00bb est en fait la \u00ab\u00a0D\u00e9termination\u00a0\u00bb, qui \u00e9tait donc pourtant correctement traduite 5 lignes plus haut&#8230;<\/p>\n<p>Bref, il parait difficile de croire que Khaos Project ait proc\u00e9d\u00e9 \u00e0 quelques relectures que ce soit sur cette premi\u00e8re \u00e9dition, tellement les incoh\u00e9rences sautent aux yeux apr\u00e8s une simple lecture. Ne noircissons tout de m\u00eame pas trop le tableau : le livre est utilisable mais il faut s&rsquo;appuyer sur le travail de corrections effectu\u00e9 b\u00e9n\u00e9volement sur le net (des fichiers sont disponibles sur le groupe Facebook). Au final, \u00e7a sent un peu le\u00a0 non-professionnalisme, ou tout au moins le manque flagrant d&rsquo;exp\u00e9rience.<\/p>\n<p>Au final, je vais migrer sur la v4, histoire de rester dans le vent, mais en utilisant en priorit\u00e9 le mat\u00e9riel anglo-saxon, qui s&rsquo;av\u00e8re pl\u00e9thorique et de tr\u00e8s bonne qualit\u00e9 pour ce que j&rsquo;en ai vu. .<\/p>\n<p>En conclusion, une tr\u00e8s bonne \u00e9dition &#8211; bien meilleure que la v3 et malgr\u00e9 la VF- pour tout ceux qui souhaiteraient se lancer dans Warhammer JDR, avec tout ce qu&rsquo;il faut dans le bouquin de base, comme le veut la tradition \ud83d\ude42 Pour les vieux routards de la V1 et\/ou V2 (comme votre serviteur), je dirais que la v4 vient corriger beaucoup de probl\u00e8mes de la v2 (magie trop facile, carri\u00e8re beaucoup plus \u00e9quilibr\u00e9e, acc\u00e9l\u00e9ration des combats et des options, \u00e9tats biens d\u00e9finis, rationalisation de l&rsquo;utilisation du d100, etc.)<\/p>\n<p>Plus r\u00e9cemment, j&rsquo;ai proc\u00e9d\u00e9 un tirage de personnages en suivant scrupuleusement les r\u00e8gles. Ca m&rsquo;a donn\u00e9 un joli mendiant Reiklandais. L&rsquo;ensemble (caract\u00e9ristiques, comp\u00e9tences et talents) me donnent l&rsquo;impression que les personnages d\u00e9marrent un peu plus \u00ab\u00a0boost\u00e9s\u00a0\u00bb qu&rsquo;avec la V2. Et ce test me confirme \u00e9galement que je n&rsquo;aime pas cette r\u00e8gle d&rsquo;XP al\u00e9atoire \u00e0 la cr\u00e9ation : \u00e0 supprimer \u00e0 mon avis.<\/p>\n<p><strong>Update Avril 2021<\/strong> : Khaos Project a revu sa communication et vient de produire un errata, une r\u00e9-\u00e9dition du livre de base, le suppl\u00e9ment RNHD et le tout disponible \u00e9galement en PDF ! De plus un Discord est en place, un site Web bien construit et des communications plus fr\u00e9quentes. Mieux vaux tard que jamais, et tout semble reparti vers un fonctionnement nettement plus professionnel et bien organis\u00e9.<\/p>\n\n\n<p><\/p>\n","protected":false},"excerpt":{"rendered":"<p>Je me suis fendu d&rsquo;acheter la pr\u00e9-version PDF de la quatri\u00e8me \u00e9dition de Warhammer, le jeu de r\u00f4le, \u00e9dit\u00e9\/d\u00e9velopp\u00e9 par cubicle7, ainsi que de la VF (Kahos Project). Apr\u00e8s une lecture assez rapide, voici quelques opinions, un peu vrac. Ce &hellip; <a href=\"https:\/\/www.lahiette.com\/leratierbretonnien\/warhammer\/warhammer-4-cubicle-7\/\">Continuer la lecture <span class=\"meta-nav\">&rarr;<\/span><\/a><\/p>\n","protected":false},"author":1,"featured_media":0,"parent":15,"menu_order":0,"comment_status":"open","ping_status":"closed","template":"","meta":{"footnotes":""},"class_list":["post-310","page","type-page","status-publish","hentry"],"_links":{"self":[{"href":"https:\/\/www.lahiette.com\/leratierbretonnien\/wp-json\/wp\/v2\/pages\/310","targetHints":{"allow":["GET"]}}],"collection":[{"href":"https:\/\/www.lahiette.com\/leratierbretonnien\/wp-json\/wp\/v2\/pages"}],"about":[{"href":"https:\/\/www.lahiette.com\/leratierbretonnien\/wp-json\/wp\/v2\/types\/page"}],"author":[{"embeddable":true,"href":"https:\/\/www.lahiette.com\/leratierbretonnien\/wp-json\/wp\/v2\/users\/1"}],"replies":[{"embeddable":true,"href":"https:\/\/www.lahiette.com\/leratierbretonnien\/wp-json\/wp\/v2\/comments?post=310"}],"version-history":[{"count":37,"href":"https:\/\/www.lahiette.com\/leratierbretonnien\/wp-json\/wp\/v2\/pages\/310\/revisions"}],"predecessor-version":[{"id":2644,"href":"https:\/\/www.lahiette.com\/leratierbretonnien\/wp-json\/wp\/v2\/pages\/310\/revisions\/2644"}],"up":[{"embeddable":true,"href":"https:\/\/www.lahiette.com\/leratierbretonnien\/wp-json\/wp\/v2\/pages\/15"}],"wp:attachment":[{"href":"https:\/\/www.lahiette.com\/leratierbretonnien\/wp-json\/wp\/v2\/media?parent=310"}],"curies":[{"name":"wp","href":"https:\/\/api.w.org\/{rel}","templated":true}]}}