{"id":31,"date":"2018-02-26T22:21:42","date_gmt":"2018-02-26T21:21:42","guid":{"rendered":"http:\/\/www.lahiette.com\/leratierbretonnien\/?page_id=31"},"modified":"2019-08-23T12:24:48","modified_gmt":"2019-08-23T10:24:48","slug":"quelques-regles-personnelles","status":"publish","type":"page","link":"https:\/\/www.lahiette.com\/leratierbretonnien\/warhammer\/quelques-regles-personnelles\/","title":{"rendered":"Quelques r\u00e8gles personnelles"},"content":{"rendered":"<p><em><strong>Pr\u00e9cision importante : ces r\u00e8gles maisons sont pour la V2<\/strong><\/em><\/p>\n<h2>Equilibrage FM\/Int<\/h2>\n<p>J&rsquo;ai toujours trouv\u00e9 bizarre de faire coller les comp\u00e9tences de savoir sur la m\u00eame caract\u00e9ristique que celle servant \u00e0 la perception. On se retrouve potentiellement avec des \u00e9claireurs\/scouts plus performants en savoir que les carri\u00e8res acad\u00e9miques. Pour \u00e9quilibrer tout cela, je consid\u00e8re que la FM (Force Mentale) correspond \u00e9galement \u00e0 la capacit\u00e9 d&rsquo;apprentissage, de calcul et de m\u00e9morisation. En cons\u00e9quence, toutes les comp\u00e9tences de \u00ab\u00a0Connaissances\u00a0\u00bb et de \u00ab\u00a0Langues\u00a0\u00bb s&rsquo;effectuent donc sous FM. La caract\u00e9ristique Int repr\u00e9sente plut\u00f4t l&rsquo;intuition et la vitesse de r\u00e9flexion, ce qui colle avec les reste des jets associ\u00e9s.<\/p>\n<h2>D\u00e9gats au combat<\/h2>\n<p>Globalement, les r\u00e8gles de combat de la seconde version me vont bien, avec des options int\u00e9ressantes. Seule modification, que j&rsquo;appliquais d\u00e9ja avec la v1, est que tout coup qui touche fait toujours perdre au moins 1 point de Blessures, ind\u00e9pendamment de la somme Endurance+Armure.<\/p>\n<h2>D\u00e9t\u00e9rioration des armures<\/h2>\n<p>Chaque fois que le personnage subit des d\u00e9g\u00e2ts en combat, on incr\u00e9mente un compteur pour chaque pi\u00e8ce d&rsquo;armure (typiquement inscrit en dessous de la valeur de protection sur la vue de localisation). Lorsqu&rsquo;un compteur arrive \u00e0 10, la pi\u00e8ce d&rsquo;armure en question perd un point de protection et le compteur est remis \u00e0 z\u00e9ro. Ainsi, une veste de cuir devient inutilisable apr\u00e8s avoir re\u00e7u 10 coups, tandis qu&rsquo;une jambi\u00e8re de cuir+m\u00e9tal conserve 1 point de protection.<\/p>\n<h2>Critiques<\/h2>\n<p>J&rsquo;utilise la r\u00e8gle des doubles, parues pour Warhammer v1, mais je ne sais plus dans quel ouvrage. Le principe est simple : tout double sur le D100 est un critique (ie 11, 22, 33, 44, 55, 66, 77, 88, 99, 00). Si le double est inf\u00e9rieur au pourcentage, c&rsquo;est une r\u00e9ussite critique, sinon c&rsquo;est un \u00e9chec critique.<\/p>\n<h2>Magie et mal\u00e9diction de Tzeench<\/h2>\n<p>Je trouve les mal\u00e9dictions un peu trop al\u00e9atoires dans les inconv\u00e9nients apport\u00e9s. Afin de renforcer le risque d&rsquo;utiliser la magie, lorsqu&rsquo;un magicien subit la mal\u00e9diction de Tzeench, il perd toujours un nombre de points de blessures \u00e9gal au nombre de d\u00e9s ayant fait le double, triple, etc. Un magicien d\u00e9butant qui ne lance qu&rsquo;un seul d\u00e9 perdra ainsi 1 point de Blessures sur un &lsquo;1&rsquo;.<\/p>\n<p>J&rsquo;ai aussi revisit\u00e9 les mal\u00e9dictions de Tzeentch, que je trouve assez peu \u00e9quilibr\u00e9es (avoir les cheveux qui se dressent pendant 1d10 rounds, c&rsquo;est beaucoup trop court). Ces nouvelles tables sont issues des \u00ab\u00a0Royaumes de Sorcellerie\u00a0\u00bb et adapt\u00e9es en cons\u00e9quence. A t\u00e9l\u00e9charger ici :<a href=\"https:\/\/www.lahiette.com\/leratierbretonnien\/wp-content\/uploads\/2018\/02\/maledictions_de_tzeentch.pdf\">Mal\u00e9dictions de Tzeentch<\/a><\/p>\n<h2>Apprentissage des sorts<\/h2>\n<p>Afin de permettre une progression plus logique dans l&rsquo;apprentissage des sorts, chaque sort co\u00fbte (DIFFICULTE * 10) points d&rsquo;\u00e9xp\u00e9rience, avec un minimum de 100 points. Ainsi, un sort de difficult\u00e9 18 coutera 180 points, et un sort de niveau 6 c\u00f4utera 100 points, comme pr\u00e9vu initialement. En contrepartie, il n&rsquo;y a pas de listes de sort, chaque magicien est libre d&rsquo;appendre ce qu&rsquo;il souhaite dans l&rsquo;ensemble des sorts disponibles \u00e0 sa carri\u00e8re.<\/p>\n","protected":false},"excerpt":{"rendered":"<p>Pr\u00e9cision importante : ces r\u00e8gles maisons sont pour la V2 Equilibrage FM\/Int J&rsquo;ai toujours trouv\u00e9 bizarre de faire coller les comp\u00e9tences de savoir sur la m\u00eame caract\u00e9ristique que celle servant \u00e0 la perception. On se retrouve potentiellement avec des \u00e9claireurs\/scouts &hellip; <a href=\"https:\/\/www.lahiette.com\/leratierbretonnien\/warhammer\/quelques-regles-personnelles\/\">Continuer la lecture <span class=\"meta-nav\">&rarr;<\/span><\/a><\/p>\n","protected":false},"author":1,"featured_media":0,"parent":15,"menu_order":0,"comment_status":"open","ping_status":"closed","template":"","meta":{"footnotes":""},"class_list":["post-31","page","type-page","status-publish","hentry"],"_links":{"self":[{"href":"https:\/\/www.lahiette.com\/leratierbretonnien\/wp-json\/wp\/v2\/pages\/31","targetHints":{"allow":["GET"]}}],"collection":[{"href":"https:\/\/www.lahiette.com\/leratierbretonnien\/wp-json\/wp\/v2\/pages"}],"about":[{"href":"https:\/\/www.lahiette.com\/leratierbretonnien\/wp-json\/wp\/v2\/types\/page"}],"author":[{"embeddable":true,"href":"https:\/\/www.lahiette.com\/leratierbretonnien\/wp-json\/wp\/v2\/users\/1"}],"replies":[{"embeddable":true,"href":"https:\/\/www.lahiette.com\/leratierbretonnien\/wp-json\/wp\/v2\/comments?post=31"}],"version-history":[{"count":5,"href":"https:\/\/www.lahiette.com\/leratierbretonnien\/wp-json\/wp\/v2\/pages\/31\/revisions"}],"predecessor-version":[{"id":930,"href":"https:\/\/www.lahiette.com\/leratierbretonnien\/wp-json\/wp\/v2\/pages\/31\/revisions\/930"}],"up":[{"embeddable":true,"href":"https:\/\/www.lahiette.com\/leratierbretonnien\/wp-json\/wp\/v2\/pages\/15"}],"wp:attachment":[{"href":"https:\/\/www.lahiette.com\/leratierbretonnien\/wp-json\/wp\/v2\/media?parent=31"}],"curies":[{"name":"wp","href":"https:\/\/api.w.org\/{rel}","templated":true}]}}