{"id":2334,"date":"2022-02-20T14:42:59","date_gmt":"2022-02-20T13:42:59","guid":{"rendered":"http:\/\/www.lahiette.com\/leratierbretonnien\/?page_id=2334"},"modified":"2025-07-29T18:48:00","modified_gmt":"2025-07-29T16:48:00","slug":"barbarians-of-lemuria","status":"publish","type":"page","link":"https:\/\/www.lahiette.com\/leratierbretonnien\/barbarians-of-lemuria\/","title":{"rendered":"Barbarians of Lemuria"},"content":{"rendered":"<div class=\"wp-block-image\">\n<figure class=\"aligncenter size-full is-resized\"><img loading=\"lazy\" decoding=\"async\" width=\"838\" height=\"418\" src=\"https:\/\/www.lahiette.com\/leratierbretonnien\/wp-content\/uploads\/2022\/02\/2022-02-20_14-58.webp\" alt=\"\" class=\"wp-image-2344\" style=\"width:530px;height:264px\" srcset=\"https:\/\/www.lahiette.com\/leratierbretonnien\/wp-content\/uploads\/2022\/02\/2022-02-20_14-58.webp 838w, https:\/\/www.lahiette.com\/leratierbretonnien\/wp-content\/uploads\/2022\/02\/2022-02-20_14-58-300x150.webp 300w, https:\/\/www.lahiette.com\/leratierbretonnien\/wp-content\/uploads\/2022\/02\/2022-02-20_14-58-768x383.webp 768w\" sizes=\"auto, (max-width: 838px) 100vw, 838px\" \/><figcaption class=\"wp-element-caption\">Dessin de Emmanuel Roudier, extrait du Livre de Base, \u00e9dit\u00e9 chez Ludospherik<\/figcaption><\/figure>\n<\/div>\n\n\n<h2 class=\"wp-block-heading\" id=\"du-muscle-des-nichons\">Du Muscle &amp; des Nichons<\/h2>\n\n\n\n<p>Soyons clair, le Sword&amp;Sorcery, c&rsquo;est un savant m\u00e9lange d&rsquo;influences provenant de Conan, Elric, Throngar, Fafhrd et le Souricier Gris, etc, etc.<br>On y rencontre des barbares muscl\u00e9s, des sorciers d\u00e9prav\u00e9s, des guerriers maudits, des tombes oubli\u00e9es, des filles l\u00e9g\u00e8rement v\u00eatues et des voleurs sournois. Tous sont en g\u00e9n\u00e9ral tr\u00e8s st\u00e9r\u00e9otyp\u00e9s, ce qui est le but avou\u00e9 et recherch\u00e9 du genre.<\/p>\n\n\n\n<p>J&rsquo;\u00e9tais \u00e0 la recherche d&rsquo;un JDR de ce type, probablement pour me rappeler mes premi\u00e8res ann\u00e9es de ma\u00eetrise \u00e0 Stormbringer dans les ann\u00e9es 80 et GURPS Conan en tant que joueur dans les ann\u00e9es 90. Apr\u00e8s avoir regard\u00e9 les divers jeux Conan, Savage Worlds assimil\u00e9s S&amp;S et consorts, je suis finalement tomb\u00e9 amoureux de Barbarians of Lemuria, qui rassemble l&rsquo;essentiel : un syst\u00e8me avec un peu de simulation, pas de \u00ab\u00a0niveaux\u00a0\u00bb, beaucoup d&rsquo;excellentes illustrations \u00e9vocatrices et des sc\u00e9narios \u00e0 foison.<\/p>\n\n\n\n<p>Je ne vais pas lancer dans une \u00e9ni\u00e8me critique du jeu, tout est dit dans cet article \u00e0 mon sens (en tout cas, il refl\u00e8te 100% de ma pens\u00e9e) : <a href=\"https:\/\/hu-mu.blogspot.com\/2016\/12\/barbarians-of-lemuria.html\">https:\/\/hu-mu.blogspot.com\/2016\/12\/barbarians-of-lemuria.html<\/a><\/p>\n\n\n\n<p>Le jeu est l&rsquo;adaptation d&rsquo;un jeu UK du m\u00eame nom (Simon Washbourne, Beyond Belief games), traduit une premi\u00e8re fois par Kobayashi (Livre de l&rsquo;Ours), puis reprit et <a href=\"http:\/\/www.ludospherik.fr\/content\/14-barbarians-of-lemuria\">augment\u00e9 par Ludospherik<\/a>.<\/p>\n\n\n\n<h2 class=\"wp-block-heading\" id=\"barbarian-s-assist\">Aides de Jeu<\/h2>\n\n\n\n<ul class=\"wp-block-list\">\n<li>Les r\u00e8gles de Sorcellerie, co-\u00e9crites avec Pallantides : <a rel=\"noreferrer noopener\" href=\"https:\/\/www.lahiette.com\/leratierbretonnien\/wp-content\/uploads\/2023\/02\/sorcellerie_v1_7.pdf\" target=\"_blank\">https:\/\/www.lahiette.com\/leratierbretonnien\/wp-content\/uploads\/2023\/02\/sorcellerie_v1_7.pdf<\/a><\/li>\n\n\n\n<li>Des r\u00e8gles suppl\u00e9mentaires que j&rsquo;utilise \u00e0 mes tables : r\u00e8gles mon\u00e9taires de Bougette, options de combat suppl\u00e9mentaires. Disponible ici : <a href=\"https:\/\/www.lahiette.com\/leratierbretonnien\/wp-content\/uploads\/2023\/06\/annales_lemuriennes_1.6.pdf\">https:\/\/www.lahiette.com\/leratierbretonnien\/wp-content\/uploads\/2023\/06\/annales_lemuriennes_1.6.pdf<\/a><\/li>\n\n\n\n<li>Un pack de pr\u00e9-tir\u00e9s pour conventions, orient\u00e9s pour jouer la Fontaine de Jouvence (mais adaptable facilement \u00e0 d&rsquo;autres sc\u00e9narios). Format Open Office : <a href=\"https:\/\/www.lahiette.com\/leratierbretonnien\/wp-content\/uploads\/2024\/11\/fiches-pretires-jouvence.zip\">https:\/\/www.lahiette.com\/leratierbretonnien\/wp-content\/uploads\/2024\/11\/fiches-pretires-jouvence.zip<\/a><\/li>\n\n\n\n<li>Un pack de cartes faites rapidos avec DungeonAlchemist pour le Dieu Voil\u00e9 (Satarla\/Halakh\/Urceb) : <a href=\"https:\/\/www.lahiette.com\/leratierbretonnien\/wp-content\/uploads\/2025\/07\/bol-maps.zip\">https:\/\/www.lahiette.com\/leratierbretonnien\/wp-content\/uploads\/2025\/07\/bol-maps.zip<\/a><\/li>\n<\/ul>\n\n\n\n<p>Plus de d\u00e9tails sur ces aides de jeu ci-dessous.<\/p>\n\n\n\n<h2 class=\"wp-block-heading\" id=\"barbarian-s-assist\">Barbarian&rsquo;s Assist<\/h2>\n\n\n\n<p>Le syst\u00e8me est suffisamment souple pour s&rsquo;autoriser tout un tas de petits hacks, dont voici les miens : <\/p>\n\n\n\n<ul class=\"wp-block-list\">\n<li>Seuls les personnages poss\u00e9dant au moins 1 niveau dans une carri\u00e8re de combattant peuvent acqu\u00e9rir les avantages li\u00e9s au  combat.<\/li>\n\n\n\n<li>L&rsquo;aspect compl\u00e8tement ouvert de la sorcellerie est absolument g\u00e9nial, mais assez lourd \u00e0 mettre en jeu dans la pratique, si l&rsquo;on respecte sa totale dynamique. J&rsquo;utilise donc le suppl\u00e9ment Sorcellerie ( <a rel=\"noreferrer noopener\" href=\"https:\/\/www.lahiette.com\/leratierbretonnien\/wp-content\/uploads\/2023\/02\/sorcellerie_v1_7.pdf\" target=\"_blank\">https:\/\/www.lahiette.com\/leratierbretonnien\/wp-content\/uploads\/2023\/02\/sorcellerie_v1_7.pdf<\/a> ), \u00e9dit\u00e9 et r\u00e9vis\u00e9 par Pallantides et moi-m\u00eame. Loin de moi l&rsquo;id\u00e9e de proposer aux joueurs des listes de sorts, mais plut\u00f4t de fournir des mod\u00e8les de sortil\u00e8ges sur lesquels le joueur sorcier peut facilement apposer sa patte en les modifiant. Par contre, effectivement, un sorcier pratique les sorts qu&rsquo;il conna\u00eet, il ne peut pas en inventer dynamiquement pendant la partie, mais peut s&rsquo;en cr\u00e9er entre deux aventures.<\/li>\n\n\n\n<li>Si la gestion de l&rsquo;argent est bien sentie pour du Sword &amp; Sorcery, il manque un peu d\u2019\u00e9l\u00e9ments de contexte pour donner du corps aux \u00e9changes \u00e9conomiques. J&rsquo;ai donc cr\u00e9\u00e9 une liste de monnaie selon les cit\u00e9s\/\u00e9tats, ainsi qu&rsquo;un m\u00e9canisme de mesure de la richesse des personnages, sans compteur num\u00e9rique pour garder l&rsquo;esprit du jeu. Disponible dans les <a href=\"https:\/\/www.lahiette.com\/leratierbretonnien\/wp-content\/uploads\/2023\/06\/annales_lemuriennes_1.6.pdf\" data-type=\"attachment\" data-id=\"2794\">Annales L\u00e9muriennes<\/a>, ma compilation d&rsquo;aides de jeu.<\/li>\n\n\n\n<li>BoL fait la part belle aux combats, mais je trouve qu&rsquo;ils sont r\u00e9guli\u00e8rement assez statiques et peu innovants. J&rsquo;ai donc repris le m\u00e9canisme des options de combat du livre de base, en les augmentant, et en les produisant sous forme de cartes. Ces cartes forment une main pour chaque personnage, selon les options qu&rsquo;il conna\u00eet, et permet d&rsquo;offrir des variations lors de combats, sans avoir \u00e0 consulter un livre ou des notes. Disponible \u00e9galement dans les <a href=\"https:\/\/www.lahiette.com\/leratierbretonnien\/wp-content\/uploads\/2023\/06\/annales_lemuriennes_1.6.pdf\" data-type=\"attachment\" data-id=\"2794\">Annales L\u00e9muriennes<\/a>, ma compilation d&rsquo;aides de jeu.<\/li>\n<\/ul>\n\n\n\n<h2 class=\"wp-block-heading\" id=\"virtual-barbarian\">Virtual Barbarian<\/h2>\n\n\n\n<p>Comme j&rsquo;utilise l&rsquo;outil <a href=\"https:\/\/www.foundryVTT.com\">FoundryVTT<\/a> pour m&rsquo;assister sur mes parties <a href=\"https:\/\/www.lahiette.com\/leratierbretonnien\/warhammer\/table-virtuelles-de-jdr\/\" data-type=\"page\" data-id=\"1297\">en ligne et sur table<\/a>, avec l&rsquo;aide de Zigmund, nous avons d\u00e9velopp\u00e9 un syst\u00e8me Barbarians of Lemuria pour cet outil, disponible dans l&rsquo;installateur officiel de syst\u00e8mes int\u00e9gr\u00e9s \u00e0 Foundry.<br><\/p>\n\n\n\n<figure class=\"wp-block-image size-large\"><img loading=\"lazy\" decoding=\"async\" width=\"1024\" height=\"521\" src=\"https:\/\/www.lahiette.com\/leratierbretonnien\/wp-content\/uploads\/2021\/04\/signal-2022-02-20-142721_001-1024x521.jpeg\" alt=\"\" class=\"wp-image-2353\" srcset=\"https:\/\/www.lahiette.com\/leratierbretonnien\/wp-content\/uploads\/2021\/04\/signal-2022-02-20-142721_001-1024x521.jpeg 1024w, https:\/\/www.lahiette.com\/leratierbretonnien\/wp-content\/uploads\/2021\/04\/signal-2022-02-20-142721_001-300x153.jpeg 300w, https:\/\/www.lahiette.com\/leratierbretonnien\/wp-content\/uploads\/2021\/04\/signal-2022-02-20-142721_001-768x391.jpeg 768w, https:\/\/www.lahiette.com\/leratierbretonnien\/wp-content\/uploads\/2021\/04\/signal-2022-02-20-142721_001-1536x782.jpeg 1536w, https:\/\/www.lahiette.com\/leratierbretonnien\/wp-content\/uploads\/2021\/04\/signal-2022-02-20-142721_001.jpeg 1898w\" sizes=\"auto, (max-width: 1024px) 100vw, 1024px\" \/><figcaption class=\"wp-element-caption\">Barbarians of Lemuria sous FoundryVTT<\/figcaption><\/figure>\n\n\n\n<p>Plus d&rsquo;informations sur ce syst\u00e8me sur le <a href=\"https:\/\/discord.gg\/pPSDNJk\">Discord FR de Foundry<\/a>.<\/p>\n","protected":false},"excerpt":{"rendered":"<p>Du Muscle &amp; des Nichons Soyons clair, le Sword&amp;Sorcery, c&rsquo;est un savant m\u00e9lange d&rsquo;influences provenant de Conan, Elric, Throngar, Fafhrd et le Souricier Gris, etc, etc.On y rencontre des barbares muscl\u00e9s, des sorciers d\u00e9prav\u00e9s, des guerriers maudits, des tombes oubli\u00e9es, &hellip; <a href=\"https:\/\/www.lahiette.com\/leratierbretonnien\/barbarians-of-lemuria\/\">Continuer la lecture <span class=\"meta-nav\">&rarr;<\/span><\/a><\/p>\n","protected":false},"author":1,"featured_media":0,"parent":0,"menu_order":0,"comment_status":"open","ping_status":"closed","template":"","meta":{"footnotes":""},"class_list":["post-2334","page","type-page","status-publish","hentry"],"_links":{"self":[{"href":"https:\/\/www.lahiette.com\/leratierbretonnien\/wp-json\/wp\/v2\/pages\/2334","targetHints":{"allow":["GET"]}}],"collection":[{"href":"https:\/\/www.lahiette.com\/leratierbretonnien\/wp-json\/wp\/v2\/pages"}],"about":[{"href":"https:\/\/www.lahiette.com\/leratierbretonnien\/wp-json\/wp\/v2\/types\/page"}],"author":[{"embeddable":true,"href":"https:\/\/www.lahiette.com\/leratierbretonnien\/wp-json\/wp\/v2\/users\/1"}],"replies":[{"embeddable":true,"href":"https:\/\/www.lahiette.com\/leratierbretonnien\/wp-json\/wp\/v2\/comments?post=2334"}],"version-history":[{"count":40,"href":"https:\/\/www.lahiette.com\/leratierbretonnien\/wp-json\/wp\/v2\/pages\/2334\/revisions"}],"predecessor-version":[{"id":3179,"href":"https:\/\/www.lahiette.com\/leratierbretonnien\/wp-json\/wp\/v2\/pages\/2334\/revisions\/3179"}],"wp:attachment":[{"href":"https:\/\/www.lahiette.com\/leratierbretonnien\/wp-json\/wp\/v2\/media?parent=2334"}],"curies":[{"name":"wp","href":"https:\/\/api.w.org\/{rel}","templated":true}]}}