{"id":2250,"date":"2021-11-10T10:25:15","date_gmt":"2021-11-10T09:25:15","guid":{"rendered":"http:\/\/www.lahiette.com\/leratierbretonnien\/?page_id=2250"},"modified":"2024-11-12T13:41:03","modified_gmt":"2024-11-12T12:41:03","slug":"rdd-jeu-en-ligne-foundryvtt","status":"publish","type":"page","link":"https:\/\/www.lahiette.com\/leratierbretonnien\/reve-de-dragon\/rdd-jeu-en-ligne-foundryvtt\/","title":{"rendered":"RdD &#8211; Jeu en ligne (FoundryVTT)"},"content":{"rendered":"\n<p>Avec l&rsquo;aide d&rsquo;un petit groupe, nous avons d\u00e9velopp\u00e9 le support de R\u00eave de Dragon pour FoundryVTT, afin de jouer en ligne (et aussi sur table !). <\/p>\n\n\n\n<p>Ce document d&rsquo;introduction vous permet facilement d&rsquo;installer Foundry sur vore PC, depuis l&rsquo;achat de la licence jusqu&rsquo;\u00e0 votre premier jet de d\u00e9 : <\/p>\n\n\n\n<div data-wp-interactive=\"core\/file\" class=\"wp-block-file\"><object data-wp-bind--hidden=\"!state.hasPdfPreview\" hidden class=\"wp-block-file__embed\" data=\"https:\/\/www.lahiette.com\/leratierbretonnien\/wp-content\/uploads\/2024\/11\/guide_fvtt.pdf\" type=\"application\/pdf\" style=\"width:100%;height:600px\" aria-label=\"Contenu embarqu\u00e9 guide_fvtt.\"><\/object><a id=\"wp-block-file--media-38afcd8e-d120-41bc-82eb-e9e4f975baf1\" href=\"https:\/\/www.lahiette.com\/leratierbretonnien\/wp-content\/uploads\/2024\/11\/guide_fvtt.pdf\">guide_fvtt<\/a><a href=\"https:\/\/www.lahiette.com\/leratierbretonnien\/wp-content\/uploads\/2024\/11\/guide_fvtt.pdf\" class=\"wp-block-file__button wp-element-button\" download aria-describedby=\"wp-block-file--media-38afcd8e-d120-41bc-82eb-e9e4f975baf1\">T\u00e9l\u00e9charger<\/a><\/div>\n\n\n\n<p>Plus d&rsquo;infos et de suivi sur le Discord FR de Foundry (<a href=\"https:\/\/discord.gg\/pPSDNJk\">https:\/\/discord.gg\/pPSDNJk<\/a> ) ou sur le forum de Scriptarium ( <a href=\"https:\/\/scriptarium.org\/forums\/forum\/41-r%C3%AAve-de-dragon\/\">https:\/\/scriptarium.org\/forums\/forum\/41-r%C3%AAve-de-dragon\/<\/a>).<\/p>\n\n\n\n<p>Vid\u00e9os d\u00e9monstration  (plus ancienne en bas, plus r\u00e9cente en haut)  : <\/p>\n\n\n\n<figure class=\"wp-block-embed is-type-video is-provider-youtube wp-block-embed-youtube wp-embed-aspect-16-9 wp-has-aspect-ratio\"><div class=\"wp-block-embed__wrapper\">\n<iframe loading=\"lazy\" title=\"R\u00eave de Dragon v1.4 pour FoundryVTT\" width=\"640\" height=\"360\" src=\"https:\/\/www.youtube.com\/embed\/BKEjLeTvzZc?feature=oembed\" frameborder=\"0\" allow=\"accelerometer; autoplay; clipboard-write; encrypted-media; gyroscope; picture-in-picture; web-share\" referrerpolicy=\"strict-origin-when-cross-origin\" allowfullscreen><\/iframe>\n<\/div><\/figure>\n\n\n\n<figure class=\"wp-block-embed is-type-video is-provider-youtube wp-block-embed-youtube wp-embed-aspect-16-9 wp-has-aspect-ratio\"><div class=\"wp-block-embed__wrapper\">\n<iframe loading=\"lazy\" title=\"R\u00eave de Dragon pour FoundryVTT - v1.3\" width=\"640\" height=\"360\" src=\"https:\/\/www.youtube.com\/embed\/PJYi_QuOSGI?feature=oembed\" frameborder=\"0\" allow=\"accelerometer; autoplay; clipboard-write; encrypted-media; gyroscope; picture-in-picture; web-share\" referrerpolicy=\"strict-origin-when-cross-origin\" allowfullscreen><\/iframe>\n<\/div><\/figure>\n\n\n\n<figure class=\"wp-block-embed is-type-video is-provider-youtube wp-block-embed-youtube wp-embed-aspect-16-9 wp-has-aspect-ratio\"><div class=\"wp-block-embed__wrapper\">\n<iframe loading=\"lazy\" title=\"R\u00eave de Dragon v1.2 sous FoundryVTT\" width=\"640\" height=\"360\" src=\"https:\/\/www.youtube.com\/embed\/ng81b1kDkm8?feature=oembed\" frameborder=\"0\" allow=\"accelerometer; autoplay; clipboard-write; encrypted-media; gyroscope; picture-in-picture; web-share\" referrerpolicy=\"strict-origin-when-cross-origin\" allowfullscreen><\/iframe>\n<\/div><\/figure>\n\n\n\n<figure class=\"wp-block-embed is-type-video is-provider-youtube wp-block-embed-youtube wp-embed-aspect-16-9 wp-has-aspect-ratio\"><div class=\"wp-block-embed__wrapper\">\n<iframe loading=\"lazy\" title=\"R\u00eave de Dragon v1.1 pour FoundryVTT\" width=\"640\" height=\"360\" src=\"https:\/\/www.youtube.com\/embed\/f29R_nc1vRA?feature=oembed\" frameborder=\"0\" allow=\"accelerometer; autoplay; clipboard-write; encrypted-media; gyroscope; picture-in-picture; web-share\" referrerpolicy=\"strict-origin-when-cross-origin\" allowfullscreen><\/iframe>\n<\/div><\/figure>\n\n\n\n<figure class=\"wp-block-embed is-type-video is-provider-youtube wp-block-embed-youtube wp-embed-aspect-16-9 wp-has-aspect-ratio\"><div class=\"wp-block-embed__wrapper\">\n<iframe loading=\"lazy\" title=\"R\u00eave de Dragon sous FoundryVTT v1.0\" width=\"640\" height=\"360\" src=\"https:\/\/www.youtube.com\/embed\/u2ckUAccX6w?feature=oembed\" frameborder=\"0\" allow=\"accelerometer; autoplay; clipboard-write; encrypted-media; gyroscope; picture-in-picture; web-share\" referrerpolicy=\"strict-origin-when-cross-origin\" allowfullscreen><\/iframe>\n<\/div><\/figure>\n","protected":false},"excerpt":{"rendered":"<p>Avec l&rsquo;aide d&rsquo;un petit groupe, nous avons d\u00e9velopp\u00e9 le support de R\u00eave de Dragon pour FoundryVTT, afin de jouer en ligne (et aussi sur table !). Ce document d&rsquo;introduction vous permet facilement d&rsquo;installer Foundry sur vore PC, depuis l&rsquo;achat de &hellip; <a href=\"https:\/\/www.lahiette.com\/leratierbretonnien\/reve-de-dragon\/rdd-jeu-en-ligne-foundryvtt\/\">Continuer la lecture <span class=\"meta-nav\">&rarr;<\/span><\/a><\/p>\n","protected":false},"author":1,"featured_media":0,"parent":107,"menu_order":1,"comment_status":"closed","ping_status":"closed","template":"","meta":{"footnotes":""},"class_list":["post-2250","page","type-page","status-publish","hentry"],"_links":{"self":[{"href":"https:\/\/www.lahiette.com\/leratierbretonnien\/wp-json\/wp\/v2\/pages\/2250","targetHints":{"allow":["GET"]}}],"collection":[{"href":"https:\/\/www.lahiette.com\/leratierbretonnien\/wp-json\/wp\/v2\/pages"}],"about":[{"href":"https:\/\/www.lahiette.com\/leratierbretonnien\/wp-json\/wp\/v2\/types\/page"}],"author":[{"embeddable":true,"href":"https:\/\/www.lahiette.com\/leratierbretonnien\/wp-json\/wp\/v2\/users\/1"}],"replies":[{"embeddable":true,"href":"https:\/\/www.lahiette.com\/leratierbretonnien\/wp-json\/wp\/v2\/comments?post=2250"}],"version-history":[{"count":3,"href":"https:\/\/www.lahiette.com\/leratierbretonnien\/wp-json\/wp\/v2\/pages\/2250\/revisions"}],"predecessor-version":[{"id":3096,"href":"https:\/\/www.lahiette.com\/leratierbretonnien\/wp-json\/wp\/v2\/pages\/2250\/revisions\/3096"}],"up":[{"embeddable":true,"href":"https:\/\/www.lahiette.com\/leratierbretonnien\/wp-json\/wp\/v2\/pages\/107"}],"wp:attachment":[{"href":"https:\/\/www.lahiette.com\/leratierbretonnien\/wp-json\/wp\/v2\/media?parent=2250"}],"curies":[{"name":"wp","href":"https:\/\/api.w.org\/{rel}","templated":true}]}}