{"id":22,"date":"2018-02-26T22:13:51","date_gmt":"2018-02-26T21:13:51","guid":{"rendered":"http:\/\/www.lahiette.com\/leratierbretonnien\/?page_id=22"},"modified":"2018-02-26T22:13:57","modified_gmt":"2018-02-26T21:13:57","slug":"warhammer-et-moi-les-debuts","status":"publish","type":"page","link":"https:\/\/www.lahiette.com\/leratierbretonnien\/warhammer\/warhammer-et-moi-les-debuts\/","title":{"rendered":"Warhammer et moi, les d\u00e9buts"},"content":{"rendered":"<h2>Back in &rsquo;88<\/h2>\n<p>Achet\u00e9 quelque part \u00e0 Thonon-les-Bains (sisi, je m&rsquo;en souviens) \u00e0 la fin des ann\u00e9es 80 (88 ? 89 ?), j&rsquo;avais imm\u00e9diatement \u00e9t\u00e9 s\u00e9duit par le concept : un gigantesque bouquin, contenant tout ce qu&rsquo;il falllait, depuis les r\u00e8gles jusqu&rsquo;au monde, en passant par un syst\u00e8me de progression original (les fameuses carri\u00e8res) et m\u00eame des plans typiques de batiment !<\/p>\n<p>Et puis quelle ambiance : exit les univers m\u00e9di\u00e9valo-fantastiques un peu simplistes, nous voici propuls\u00e9 dans une sorte de renaissance baroque europ\u00e9enne matin\u00e9e de forces obscures et de d\u00e9mons. Les intrigues politiques deviennent complexes et r\u00e9alistes, le monde fourmille d&rsquo;id\u00e9es et de nouvelles inventions, le commerce se d\u00e9veloppe, tout ceci sous l&rsquo;\u00e9p\u00e9e de Damocl\u00e8s que constitue les forces du Chaos. Notons aussi un certain humour et la volont\u00e9 des auteurs de ne pas tomber dans le manich\u00e9isme permanent : les \u00ab\u00a0gentils\u00a0\u00bb ont des motivations peut avouables et les \u00ab\u00a0m\u00e9chants\u00a0\u00bb ne le sont pas forc\u00e9ment tant que \u00e7a.<\/p>\n<p>Certes, tout n&rsquo;\u00e9tait pas parfait : on peut citer notamment la non-existence des r\u00e8gles de magie ou encore la mise en page quelque peu &#8230; tass\u00e9e. Mais malgr\u00e9 tout, je garde un souvenir \u00e9mu de cet ouvrage.<\/p>\n<p>Le meilleur \u00e9tait encore \u00e0 venir, car non content d&rsquo;avoir \u00e9dit\u00e9 un livre de r\u00e8gles tout-en-un, voil\u00e0 qu&rsquo;une pl\u00e9thore de sc\u00e9narios et campagnes allaient suivre, avec la d\u00e9sormais c\u00e9l\u00e8bre \u00ab\u00a0Campagne Imp\u00e9riale.<\/p>\n<p>Je fais ici un appart\u00e9 : je suis peut-\u00eatre un peu rigide, voir un brin ringard, mais je trouve que la qualit\u00e9 d&rsquo;un JDR se mesure souvent au nombre de sc\u00e9narios publi\u00e9s. Depuis de nombreuses ann\u00e9es, beaucoup de nouveaux jeux ne pr\u00e9sentent dans leur gamme qu&rsquo;une pl\u00e9thore de \u00ab\u00a0suppl\u00e9ments de contexte\u00a0\u00bb. Ce type d&rsquo;ouvrage reste facile \u00e0 \u00e9crire : pas de contraintes lourdes et on peut quasiment y mettre tout ce qu&rsquo;on veut. Ecrire un bon sc\u00e9nario &#8211; et \u00e0 fortiori une bonne campagne -, \u00e7a, c&rsquo;est difficile. Il faut une id\u00e9e, \u00e9quilibrer les sc\u00e8nes, maintenir la tension et provoquer des moments dramatiques ou grandioses.<\/p>\n<p>Je trouve donc que pas mal de gammes r\u00e9centes c\u00e8dent \u00e0 la facilit\u00e9 et au remplissage inutile de pages pour d\u00e9crire la n-i\u00e8me cit\u00e9 des voleurs\/myst\u00e9rieux peuple\/contr\u00e9e (remplacez par ce qui vous passe par la t\u00eate) et proposer des \u00ab\u00a0id\u00e9es de sc\u00e9narios\u00a0\u00bb, souvent toutes plus nulles les unes que les autres. Bref, une belle organisation marketing pour pomper le pognon des joueurs et autres maitres de jeu. A mon humble avis, un suppl\u00e9ment de contexte doit au moins contenir un vrai sc\u00e9nario, exploitant les \u00e9lements pr\u00e9sent\u00e9s dans l&rsquo;ouvrage. Fin de l&rsquo;appart\u00e9, d\u00e9sol\u00e9.<\/p>\n<p>Pour en revenir \u00e0 nos moutons, j&rsquo;avais \u00e0 l&rsquo;\u00e9poque une \u00e9quipe de 4 \u00e0 6 joueurs, selon les p\u00e9riodes, avec un noyau dur de 4 personnes avec qui j&rsquo;ai jou\u00e9 pendant 5 ans environ. Nous avons \u00e9cum\u00e9 l&rsquo;ensemble de la Campagne Imp\u00e9riale, avec l&rsquo;utilisation de tous les compl\u00e9ments et sc\u00e9narios disponibles (Reposes sans Paix, Il ya quelque chose de pourri \u00e0 Kislev, divers sc\u00e9narios Casus, etc.). Ces 5 ann\u00e9es de maitrise restent pour moi un excellent souvenir.<\/p>\n<p>Puis, d\u00e9gout\u00e9 par la campagne des pierres du destin &#8211; une v\u00e9ritable honte,cette campagne &#8211; et aussi parce que chacun est parti de son c\u00f4t\u00e9, j&rsquo;avais mis Warhammer de c\u00f4t\u00e9 jusqu&rsquo;\u00e0 revendre ma collection compl\u00e8te quelque part en 95 ou 96. A partir de cette p\u00e9riode, je me consacrais exclusivement \u00e0 Reve de Dragon, Deadlands et Delta Green.<\/p>\n","protected":false},"excerpt":{"rendered":"<p>Back in &rsquo;88 Achet\u00e9 quelque part \u00e0 Thonon-les-Bains (sisi, je m&rsquo;en souviens) \u00e0 la fin des ann\u00e9es 80 (88 ? 89 ?), j&rsquo;avais imm\u00e9diatement \u00e9t\u00e9 s\u00e9duit par le concept : un gigantesque bouquin, contenant tout ce qu&rsquo;il falllait, depuis les &hellip; <a href=\"https:\/\/www.lahiette.com\/leratierbretonnien\/warhammer\/warhammer-et-moi-les-debuts\/\">Continuer la lecture <span class=\"meta-nav\">&rarr;<\/span><\/a><\/p>\n","protected":false},"author":1,"featured_media":0,"parent":15,"menu_order":0,"comment_status":"closed","ping_status":"closed","template":"","meta":{"footnotes":""},"class_list":["post-22","page","type-page","status-publish","hentry"],"_links":{"self":[{"href":"https:\/\/www.lahiette.com\/leratierbretonnien\/wp-json\/wp\/v2\/pages\/22","targetHints":{"allow":["GET"]}}],"collection":[{"href":"https:\/\/www.lahiette.com\/leratierbretonnien\/wp-json\/wp\/v2\/pages"}],"about":[{"href":"https:\/\/www.lahiette.com\/leratierbretonnien\/wp-json\/wp\/v2\/types\/page"}],"author":[{"embeddable":true,"href":"https:\/\/www.lahiette.com\/leratierbretonnien\/wp-json\/wp\/v2\/users\/1"}],"replies":[{"embeddable":true,"href":"https:\/\/www.lahiette.com\/leratierbretonnien\/wp-json\/wp\/v2\/comments?post=22"}],"version-history":[{"count":1,"href":"https:\/\/www.lahiette.com\/leratierbretonnien\/wp-json\/wp\/v2\/pages\/22\/revisions"}],"predecessor-version":[{"id":23,"href":"https:\/\/www.lahiette.com\/leratierbretonnien\/wp-json\/wp\/v2\/pages\/22\/revisions\/23"}],"up":[{"embeddable":true,"href":"https:\/\/www.lahiette.com\/leratierbretonnien\/wp-json\/wp\/v2\/pages\/15"}],"wp:attachment":[{"href":"https:\/\/www.lahiette.com\/leratierbretonnien\/wp-json\/wp\/v2\/media?parent=22"}],"curies":[{"name":"wp","href":"https:\/\/api.w.org\/{rel}","templated":true}]}}