{"id":2006,"date":"2020-09-25T12:52:22","date_gmt":"2020-09-25T10:52:22","guid":{"rendered":"http:\/\/www.lahiette.com\/leratierbretonnien\/?page_id=2006"},"modified":"2025-09-19T16:46:30","modified_gmt":"2025-09-19T14:46:30","slug":"warhammer-4-aides-de-jeu","status":"publish","type":"page","link":"https:\/\/www.lahiette.com\/leratierbretonnien\/warhammer-4-aides-de-jeu\/","title":{"rendered":"Warhammer 4 &#8211; Aides de jeu"},"content":{"rendered":"\n<p>Cette page recense et stocke en local des aides de jeu de diverses sources, et de diff\u00e9rents auteurs. J&rsquo;utilise ces aides de jeu, et certaines sont en cours\/en phase de traduction.<br><\/p>\n\n\n\n<p><em>Cette page est d\u00e9di\u00e9e \u00e0 la m\u00e9moire de <strong>Treki1973<\/strong>, qui nous a brutalement quitt\u00e9 en 2022. Nous garderons le souvenir d&rsquo;un r\u00f4liste d\u00e9vou\u00e9 aux vieux monde, tr\u00e8s actif, et nous esp\u00e9rons qu&rsquo;il arpente le Jardin de Morr en paix<\/em>. <em>Une partie des documents propos\u00e9s ci-dessous sont<\/em> <em>de lui.<\/em><br> <\/p>\n\n\n\n<h2 class=\"wp-block-heading\"><mark style=\"background-color:rgba(0, 0, 0, 0)\" class=\"has-inline-color has-blue-color\">En Fran\u00e7ais<\/mark><\/h2>\n\n\n\n<p><strong>Opus Druida : Les Druides de la Foi Antique<\/strong>. Une carri\u00e8re faisant le mix entre le Druide de v1 et la Foi Antique de la v3. Par rapport au pr\u00eatre de la Foi Antique (Archives of the Empire III), cette carri\u00e8re peut-\u00eatre vue comme un \u00ab\u00a0R\u00e9purgarteur\u00a0\u00bb de la Foi Antique et &#8211; par extension &#8211; de la nature et du monde naturel. <a href=\"https:\/\/www.lahiette.com\/leratierbretonnien\/wp-content\/uploads\/2025\/05\/Opus_Druida_FR.pdf\">A r\u00e9cup\u00e9rer ici<\/a>.<\/p>\n\n\n\n<p><strong>Opus Cognitio :  YARR (Yet Another R\u00e8gles de R\u00e9pits)<\/strong>  pour Warhammer v4 par LeRatierBretonnien, version 1.5 (juin 2022)<a href=\"https:\/\/www.lahiette.com\/leratierbretonnien\/wp-content\/uploads\/2024\/01\/WFRP4_Unofficial_Grimoire_v202.pdf\"> : <\/a><a href=\"https:\/\/www.lahiette.com\/leratierbretonnien\/wp-content\/uploads\/2021\/04\/IDLE_HANDS_FR_LERATIER_v1.5.pdf\">Opus Cognitio &#8211; R\u00e8gles de R\u00e9pits<\/a><\/p>\n\n\n\n<p><strong>Opus Cognitio : Des Potions et autres Liquides<\/strong> pour Warhammer v4 par LeRatierBretonnien, version Averheim (juillet 2022) : <a href=\"https:\/\/www.lahiette.com\/leratierbretonnien\/wp-content\/uploads\/2021\/04\/Opus_Cognitio_Potions_FR.pdf\">Opus Cognitio : Des Potions et Autres Liquides<\/a><\/p>\n\n\n\n<p><strong>Le Liber Magister, R\u00e8gles optionnelles de Magie<\/strong>  pour Warhammer v4 par Pierre Gevelle\/JayH\/Maxilimien\/LeRatierBretonnien : <a href=\"https:\/\/www.lahiette.com\/leratierbretonnien\/wp-content\/uploads\/2021\/02\/regles_magie_fr_v1.1_r2.pdf\">Liber Magister<\/a><\/p>\n\n\n\n<p><strong>Fiche de perso de Clayle, traduction\/adaptation LeRatierBretonnien<\/strong> : <a href=\"https:\/\/www.lahiette.com\/leratierbretonnien\/wp-content\/uploads\/2020\/10\/WFRP-4e-Character-Sheet-Scrollwork-1-1_FR.pdf\">Dossier de Personnage N&amp;B<\/a><\/p>\n\n\n\n<p><strong>Le grimoire non-officiel<\/strong> : Traductions par <strong>Treki1973<\/strong>, <strong>Wahou<\/strong>, <strong>Scalou<\/strong>, <strong>Gharazel<\/strong>, <strong>Aldarion<\/strong> et moi-m\u00eame. Mise en page par <strong>Treki1973<\/strong> : <a href=\"https:\/\/www.lahiette.com\/leratierbretonnien\/wp-content\/uploads\/2021\/04\/WFRP4-Grimoire-Non-Officiel-VF-2.03-PDF.pdf\">Grimoire Non-Officel v2.03<\/a><\/p>\n\n\n\n<p><strong>Bestiaire non-officiel ,<\/strong> traduit par <strong>Treki1973<\/strong> et relu par moi-m\u00eame : <a href=\"https:\/\/www.lahiette.com\/leratierbretonnien\/wp-content\/uploads\/2020\/10\/Bestaire-Non-Officiel-WFRP-4e-Edition-VF-2.03.pdf\">Le Bestiaire Non Officiel v2.03<\/a><\/p>\n\n\n\n<p><strong>Les Nains sous la Montagne ,<\/strong> suppl\u00e9ment fan-made traduit par <strong>Treki1973<\/strong>  : <a href=\"https:\/\/www.lahiette.com\/leratierbretonnien\/wp-content\/uploads\/2024\/01\/WFRP-4e-Edition-Les-Nains-Sous-la-Montagne-VF.pdf\">Les Nains sous la Montagne VF<\/a><\/p>\n\n\n\n<p><strong>La Norsca<\/strong> (traduction v4 du doc VO de Jackdays) traduit par <strong>Treki1793<\/strong>, que je devais relire mais projet arr\u00eat\u00e9 suite au d\u00e9c\u00e8s de Treki : <a href=\"https:\/\/www.lahiette.com\/leratierbretonnien\/wp-content\/uploads\/2025\/09\/WFRP-4e-Edition-Norsca-VF.pdf\" data-type=\"attachment\" data-id=\"3186\">La Norsca VF<\/a><\/p>\n\n\n\n<p><strong>De L&rsquo;Oisivete et Autres Occupations : <\/strong>traduit de \u00ab\u00a0Idle Hands\u00a0\u00bb de Ben Scerri, par <strong>Farentir<\/strong> et LeRatierBretonnien :  <a href=\"https:\/\/www.lahiette.com\/leratierbretonnien\/wp-content\/uploads\/2020\/10\/IDLE_HANDS_FR.pdf\">Idle Hands &#8211; VF<\/a><\/p>\n\n\n\n<p><strong>Les Dons de Rhya : Des r\u00e8gles pour l&rsquo;alchimie\/potions ,<\/strong> traduction par <strong>Scalou<\/strong> et LeRatierBretonnien, mise en page LeRatierBretonnien : <a href=\"https:\/\/www.lahiette.com\/leratierbretonnien\/wp-content\/uploads\/2020\/10\/RHYA_GIFT_FR.pdf\">Dons de Rhya &#8211; VF<\/a><\/p>\n\n\n\n<p><strong>Recueil des Potions et Poisons, traduit par C\u00e9dric Molines<\/strong> : <a href=\"https:\/\/www.lahiette.com\/leratierbretonnien\/wp-content\/uploads\/2021\/02\/Recueil-des-Potions-et-Poisons.pdf\">Recueil des Potions &amp; Poisons<\/a><\/p>\n\n\n\n<h2 class=\"wp-block-heading\"><mark style=\"background-color:rgba(0, 0, 0, 0)\" class=\"has-inline-color has-blue-color\">En Anglais (disponible ici avec l&rsquo;aimable accord des auteurs)<\/mark><\/h2>\n\n\n\n<p><strong>Initiations and Cult Skills, par Claycle<\/strong> : <a href=\"https:\/\/www.lahiette.com\/leratierbretonnien\/wp-content\/uploads\/2020\/09\/Initiations-and-Cult-Skills.pdf\">Initiations &amp; Cults Skills<\/a><\/p>\n\n\n\n<p><strong>Unofficial Grimoire  <\/strong>&#8211; English Original version : <a href=\"https:\/\/www.lahiette.com\/leratierbretonnien\/wp-content\/uploads\/2024\/01\/WFRP4_Unofficial_Grimoire_v202.pdf\">Unofficial Grimoire &#8211; v2.02<\/a><\/p>\n\n\n\n<p><strong>Rhya&rsquo;s Gift : Des r\u00e8gles d&rsquo;alchimie\/potions <\/strong>, par Ben Scerri : <a href=\"https:\/\/www.lahiette.com\/leratierbretonnien\/wp-content\/uploads\/2020\/09\/20200302_LiberEtcetera_RhyasGifts.pdf\">Rhya&rsquo;s Gifts<\/a><\/p>\n\n\n\n<p><strong>Idle hands : Des r\u00e8gles pour les p\u00e9riodes de pause entre 2 aventures<\/strong>, par Ben Scerri : <a href=\"https:\/\/www.lahiette.com\/leratierbretonnien\/wp-content\/uploads\/2020\/09\/20200627_LiberEtcetera_IdleHands.pdf\">Idle Hands<\/a><\/p>\n\n\n\n<p><strong>Des r\u00e8gles pour des tr\u00e9sors al\u00e9atoires (Anglais) <\/strong>: <a href=\"https:\/\/www.lahiette.com\/leratierbretonnien\/wp-content\/uploads\/2020\/10\/WFRP4-Unofficial-Treasure-Artefacts-1.0.pdf\">Treasures &amp; Artefacts<\/a><\/p>\n\n\n\n<p><\/p>\n","protected":false},"excerpt":{"rendered":"<p>Cette page recense et stocke en local des aides de jeu de diverses sources, et de diff\u00e9rents auteurs. J&rsquo;utilise ces aides de jeu, et certaines sont en cours\/en phase de traduction. Cette page est d\u00e9di\u00e9e \u00e0 la m\u00e9moire de Treki1973, &hellip; <a href=\"https:\/\/www.lahiette.com\/leratierbretonnien\/warhammer-4-aides-de-jeu\/\">Continuer la lecture <span class=\"meta-nav\">&rarr;<\/span><\/a><\/p>\n","protected":false},"author":1,"featured_media":0,"parent":0,"menu_order":0,"comment_status":"closed","ping_status":"closed","template":"","meta":{"footnotes":""},"class_list":["post-2006","page","type-page","status-publish","hentry"],"_links":{"self":[{"href":"https:\/\/www.lahiette.com\/leratierbretonnien\/wp-json\/wp\/v2\/pages\/2006","targetHints":{"allow":["GET"]}}],"collection":[{"href":"https:\/\/www.lahiette.com\/leratierbretonnien\/wp-json\/wp\/v2\/pages"}],"about":[{"href":"https:\/\/www.lahiette.com\/leratierbretonnien\/wp-json\/wp\/v2\/types\/page"}],"author":[{"embeddable":true,"href":"https:\/\/www.lahiette.com\/leratierbretonnien\/wp-json\/wp\/v2\/users\/1"}],"replies":[{"embeddable":true,"href":"https:\/\/www.lahiette.com\/leratierbretonnien\/wp-json\/wp\/v2\/comments?post=2006"}],"version-history":[{"count":57,"href":"https:\/\/www.lahiette.com\/leratierbretonnien\/wp-json\/wp\/v2\/pages\/2006\/revisions"}],"predecessor-version":[{"id":3189,"href":"https:\/\/www.lahiette.com\/leratierbretonnien\/wp-json\/wp\/v2\/pages\/2006\/revisions\/3189"}],"wp:attachment":[{"href":"https:\/\/www.lahiette.com\/leratierbretonnien\/wp-json\/wp\/v2\/media?parent=2006"}],"curies":[{"name":"wp","href":"https:\/\/api.w.org\/{rel}","templated":true}]}}