{"id":2,"date":"2018-02-26T21:27:37","date_gmt":"2018-02-26T20:27:37","guid":{"rendered":"http:\/\/www.lahiette.com\/leratierbretonnien\/?page_id=2"},"modified":"2025-12-10T23:12:08","modified_gmt":"2025-12-10T22:12:08","slug":"accueil","status":"publish","type":"page","link":"https:\/\/www.lahiette.com\/leratierbretonnien\/","title":{"rendered":"A l&rsquo;aventure, compagnons"},"content":{"rendered":"\n<p>Ce blog pr\u00e9sente divers articles et autres choses autour du jeu de r\u00f4le et des figurines. Voir plus, si \u00e7a se pr\u00e9sente.<\/p>\n\n\n\n<p>On trouvera donc ici bas des choses sur :<\/p>\n\n\n\n<ul class=\"wp-block-list\">\n<li><a href=\"https:\/\/www.lahiette.com\/leratierbretonnien\/warhammer\/\">Warhammer<\/a>, le JDR<\/li>\n\n\n\n<li><a href=\"https:\/\/www.lahiette.com\/leratierbretonnien\/deadlands-recharge\/\">Deadlands<\/a> &#8211; Weird West (Swade), Reloaded(Deluxe) ou pas<\/li>\n\n\n\n<li><a href=\"https:\/\/www.lahiette.com\/leratierbretonnien\/reve-de-dragon\/\">R\u00eave de Dragon, <\/a>mon jeu f\u00e9tiche depuis 35 ans.<\/li>\n\n\n\n<li><a href=\"https:\/\/www.lahiette.com\/leratierbretonnien\/barbarians-of-lemuria\/\">Barbarians of Lemuria<\/a>, le Sword&amp;Sorcery comme j&rsquo;aime<\/li>\n\n\n\n<li><a href=\"https:\/\/www.lahiette.com\/leratierbretonnien\/mournblade-et-le-cyd-2-0\/\" data-type=\"page\" data-id=\"3203\">Mournblade et le CYD 2.0<\/a> !<\/li>\n\n\n\n<li><a href=\"https:\/\/www.lahiette.com\/leratierbretonnien\/cthulhu-eternal-le-systeme-chaosium-ogl-a-100\/\" data-type=\"page\" data-id=\"3169\">Cthulhu Eternal<\/a>, le syst\u00e8me Chaosium-like, multi-\u00e9poques et 100% OGL .<\/li>\n\n\n\n<li><a href=\"https:\/\/www.lahiette.com\/leratierbretonnien\/2025\/06\/03\/hack-le-cthulhu\/\" data-type=\"link\" data-id=\"https:\/\/www.lahiette.com\/leratierbretonnien\/2025\/06\/03\/hack-le-cthulhu\/\">Cthulhu Hack<\/a>, la d\u00e9ception des abysses,<\/li>\n\n\n\n<li><a href=\"https:\/\/www.lahiette.com\/leratierbretonnien\/jdr-virtuel-pourquoi-pas\/\">Table de JDR Virtuel\/FoundryVTT<\/a> : confinement oblige !<\/li>\n\n\n\n<li>Du <a href=\"https:\/\/www.lahiette.com\/leratierbretonnien\/wargames-figurines\/\">combat de figurines<\/a>,<\/li>\n\n\n\n<li><a href=\"https:\/\/www.lahiette.com\/leratierbretonnien\/2024\/05\/12\/the-doomed\/\">The Doomed,<\/a> un wargame tr\u00e8s fun et rapide, dans une sorte d&rsquo;univers post-apo !<\/li>\n\n\n\n<li><a href=\"https:\/\/www.lahiette.com\/leratierbretonnien\/wargames-figurines\/eden\/\">Eden<\/a>, je jeu de combat de figurine<\/li>\n\n\n\n<li><a href=\"https:\/\/www.lahiette.com\/leratierbretonnien\/wargames-figurines\/draculas-america\/\">Dracula&rsquo;s America<\/a>, un autre jeu de combat de figurines.<\/li>\n\n\n\n<li><a href=\"https:\/\/www.lahiette.com\/leratierbretonnien\/frostgrave\/\">Frostgrave<\/a>, de l&rsquo;escarmouche magiko-med-fan sc\u00e9naris\u00e9.<\/li>\n\n\n\n<li><a href=\"https:\/\/www.lahiette.com\/leratierbretonnien\/core-space\/\">Core Space,<\/a> un jeu de SF tout en un (ie d\u00e9cors, figs, syst\u00e8mes, etc). Excellent !<\/li>\n\n\n\n<li><a href=\"https:\/\/www.lahiette.com\/leratierbretonnien\/quatre-contres-les-tenebres\/\">Quatre contre les T\u00e9n\u00e8bres<\/a> (Four Against Darkness), du PMT tout b\u00eate mais excellent<\/li>\n\n\n\n<li><a href=\"https:\/\/www.lahiette.com\/leratierbretonnien\/joan-of-arc-jeanne-darc-quoi\/\">Joan Of Arc<\/a>, un plateau-wargame &#8230; trop mal foutu<\/li>\n\n\n\n<li><a href=\"https:\/\/www.lahiette.com\/leratierbretonnien\/trucs-divers\/\">Trucs divers<\/a>, selon l&rsquo;envie et les r\u00e9alisations (GN, arcade, forge, &#8230;)<\/li>\n<\/ul>\n\n\n\n<p>[-L&rsquo;image d&rsquo;ent\u00eate est extraite de l&rsquo;excellent dessin de couverture de \u00ab\u00a0Mort sur le Reik\u00a0\u00bb, dont Ian Miller est l&rsquo;auteur. Tout le cr\u00e9dit lui en revient, naturellement-]<\/p>\n","protected":false},"excerpt":{"rendered":"<p>Ce blog pr\u00e9sente divers articles et autres choses autour du jeu de r\u00f4le et des figurines. Voir plus, si \u00e7a se pr\u00e9sente. On trouvera donc ici bas des choses sur : [-L&rsquo;image d&rsquo;ent\u00eate est extraite de l&rsquo;excellent dessin de couverture &hellip; <a href=\"https:\/\/www.lahiette.com\/leratierbretonnien\/\">Continuer la lecture <span class=\"meta-nav\">&rarr;<\/span><\/a><\/p>\n","protected":false},"author":1,"featured_media":0,"parent":0,"menu_order":0,"comment_status":"open","ping_status":"open","template":"","meta":{"footnotes":""},"class_list":["post-2","page","type-page","status-publish","hentry"],"_links":{"self":[{"href":"https:\/\/www.lahiette.com\/leratierbretonnien\/wp-json\/wp\/v2\/pages\/2","targetHints":{"allow":["GET"]}}],"collection":[{"href":"https:\/\/www.lahiette.com\/leratierbretonnien\/wp-json\/wp\/v2\/pages"}],"about":[{"href":"https:\/\/www.lahiette.com\/leratierbretonnien\/wp-json\/wp\/v2\/types\/page"}],"author":[{"embeddable":true,"href":"https:\/\/www.lahiette.com\/leratierbretonnien\/wp-json\/wp\/v2\/users\/1"}],"replies":[{"embeddable":true,"href":"https:\/\/www.lahiette.com\/leratierbretonnien\/wp-json\/wp\/v2\/comments?post=2"}],"version-history":[{"count":26,"href":"https:\/\/www.lahiette.com\/leratierbretonnien\/wp-json\/wp\/v2\/pages\/2\/revisions"}],"predecessor-version":[{"id":3208,"href":"https:\/\/www.lahiette.com\/leratierbretonnien\/wp-json\/wp\/v2\/pages\/2\/revisions\/3208"}],"wp:attachment":[{"href":"https:\/\/www.lahiette.com\/leratierbretonnien\/wp-json\/wp\/v2\/media?parent=2"}],"curies":[{"name":"wp","href":"https:\/\/api.w.org\/{rel}","templated":true}]}}