{"id":1791,"date":"2020-07-31T22:27:27","date_gmt":"2020-07-31T20:27:27","guid":{"rendered":"http:\/\/www.lahiette.com\/leratierbretonnien\/?page_id=1791"},"modified":"2024-01-26T23:35:06","modified_gmt":"2024-01-26T22:35:06","slug":"foundryvtt-pour-table-reelle","status":"publish","type":"page","link":"https:\/\/www.lahiette.com\/leratierbretonnien\/foundryvtt-pour-table-reelle\/","title":{"rendered":"FoundryVTT pour table r\u00e9elle"},"content":{"rendered":"\n<p><strong>De quoi ?<\/strong><\/p>\n\n\n\n<p>Apr\u00e8s avoir pass\u00e9 3 mois en confinement, avec 2 parties par semaine en ligne via FoundryVTT, j&rsquo;ai commenc\u00e9 \u00e0 voir que l&rsquo;outil pouvait apporter \u00e9galement une s\u00e9rieuse assistance au MJ pour les parties physiques (In Real Life, comme ils disent maintenant). <\/p>\n\n\n\n<figure class=\"wp-block-image size-large is-resized\"><img loading=\"lazy\" decoding=\"async\" width=\"1024\" height=\"995\" src=\"https:\/\/www.lahiette.com\/leratierbretonnien\/wp-content\/uploads\/2023\/11\/foundry_table_01-1024x995.jpg\" alt=\"\" class=\"wp-image-2858\" style=\"width:670px;height:auto\" srcset=\"https:\/\/www.lahiette.com\/leratierbretonnien\/wp-content\/uploads\/2023\/11\/foundry_table_01-1024x995.jpg 1024w, https:\/\/www.lahiette.com\/leratierbretonnien\/wp-content\/uploads\/2023\/11\/foundry_table_01-300x292.jpg 300w, https:\/\/www.lahiette.com\/leratierbretonnien\/wp-content\/uploads\/2023\/11\/foundry_table_01-768x747.jpg 768w, https:\/\/www.lahiette.com\/leratierbretonnien\/wp-content\/uploads\/2023\/11\/foundry_table_01-1536x1493.jpg 1536w, https:\/\/www.lahiette.com\/leratierbretonnien\/wp-content\/uploads\/2023\/11\/foundry_table_01-2048x1991.jpg 2048w\" sizes=\"auto, (max-width: 1024px) 100vw, 1024px\" \/><\/figure>\n\n\n\n<p class=\"has-text-align-center\"><em>Ecran central vers les joueurs, avec 2 panneaux lat\u00e9raux interchangeables selon le jeu\/ambiance (Ici les panneaux Warhammer v4).<\/em><\/p>\n\n\n<div class=\"wp-block-image is-resized\">\n<figure class=\"aligncenter size-full\"><img loading=\"lazy\" decoding=\"async\" width=\"1024\" height=\"396\" src=\"https:\/\/www.lahiette.com\/leratierbretonnien\/wp-content\/uploads\/2023\/11\/2022-04-13_17-49-1024x396-1.webp\" alt=\"\" class=\"wp-image-2861\" srcset=\"https:\/\/www.lahiette.com\/leratierbretonnien\/wp-content\/uploads\/2023\/11\/2022-04-13_17-49-1024x396-1.webp 1024w, https:\/\/www.lahiette.com\/leratierbretonnien\/wp-content\/uploads\/2023\/11\/2022-04-13_17-49-1024x396-1-300x116.webp 300w, https:\/\/www.lahiette.com\/leratierbretonnien\/wp-content\/uploads\/2023\/11\/2022-04-13_17-49-1024x396-1-768x297.webp 768w\" sizes=\"auto, (max-width: 1024px) 100vw, 1024px\" \/><figcaption class=\"wp-element-caption\">Idem, en version R\u00eave de Dragon.<\/figcaption><\/figure>\n<\/div>\n\n\n<p><strong>Ca sert \u00e0 quoi par rapport \u00e0 une table \u00ab\u00a0classique\u00a0\u00bb avec mat\u00e9riel \u00ab\u00a0papier\u00a0\u00bb ?<\/strong><\/p>\n\n\n\n<p>Ca fait d\u00e9sormais 35  ans (ouch) que je ma\u00eetrise \u00e0 diff\u00e9rents jeux, et je reste un grand adepte du jeu autour d&rsquo;une table. Mais il faut reconna\u00eetre que l&rsquo;utilisation de l&rsquo;outil informatique &#8211; comme Foundry &#8211; autour d&rsquo;une table apporte un gros confort au MJ : <\/p>\n\n\n\n<ul class=\"wp-block-list\">\n<li>Gestion des PNJs et des lancers de d\u00e9s de mani\u00e8re assist\u00e9s<\/li>\n\n\n\n<li>Compendiums de donn\u00e9es int\u00e9gr\u00e9s dans les syst\u00e8me Warhammer, R\u00eave de Dragon, Deadlands, Barbarians of Lemuria, Appel de Cthulhu, etc. On peut en un instant consulter un point de r\u00e8gle, trouver un PNJ ou m\u00eame une illustration.<\/li>\n\n\n\n<li>Gestion des musiques facilit\u00e9e, y compris pour les ambiances.<\/li>\n\n\n\n<li>Gestion des cartes, plans et autres images d&rsquo;ambiance pour les joueurs.<\/li>\n\n\n\n<li>Adaptation plus rapide aux choix des joueurs, notamment en piochant dans des galeries de PNJs ou de plans, alors que ce n&rsquo;\u00e9tait pas pr\u00e9vu.<\/li>\n\n\n\n<li>Plus de papier \u00e0 imprimer (ou tr\u00e8s peu !) \ud83d\ude42<\/li>\n\n\n\n<li>Une attention plus soutenue de la part des joueuses\/joueur. C&rsquo;est un effet de bord : le fait d&rsquo;avoir une image affich\u00e9e en permanence renforce l&rsquo;attention des joueurs pendant la partie.<\/li>\n<\/ul>\n\n\n\n<p>C\u00f4t\u00e9 joueur, les avantages sont : <\/p>\n\n\n\n<ul class=\"wp-block-list\">\n<li>Visualisation permanente des cartes, lieux, etc, avec possibilit\u00e9 de basculer entre les \u00ab\u00a0sc\u00e8nes\u00a0\u00bb,<\/li>\n\n\n\n<li>Petit bonus d&rsquo;exploration des lieux avec le brouillard de guerre<\/li>\n<\/ul>\n\n\n\n<h2 class=\"wp-block-heading\">Un peu de technique &#8230;.<\/h2>\n\n\n\n<p>La mat\u00e9riel utilis\u00e9 : <\/p>\n\n\n\n<ul class=\"wp-block-list\">\n<li>un PC portable avec FoundryVTT<\/li>\n\n\n\n<li>un \u00e9cran<\/li>\n\n\n\n<li>les cables et alim n\u00e9cessaires<\/li>\n\n\n\n<li>Option : 1 ou 2 souris (1 pour les joueurs)<\/li>\n\n\n\n<li>Option : 1 petite enceinte Bluetooth si vos HP de PC sont pas terribles<\/li>\n\n\n\n<li>Option : des \u00e9l\u00e9ments de d\u00e9coration. En ce qu&rsquo;il me concerne, j&rsquo;ai construit un cadre en bois dans lequel l&rsquo;\u00e9cran des joueurs vient s&rsquo;encastrer et qui peut recevoir des volets amovibles sur les c\u00f4t\u00e9s, afin de varier les \u00ab\u00a0ambiances\u00a0\u00bb et la d\u00e9co. Naturellement, vous pouvez utiliser un simple \u00e9cran de PC sur son pied si vous voulez.<\/li>\n<\/ul>\n\n\n\n<p>Au niveau logiciel, on lance Foundry dans un navigateur en session MJ, puis on ouvre un second navigateur (navigation priv\u00e9e typiquement), dans lequel on se connecte \u00e0 Foundry en mode joueur. Pour f\u00e9d\u00e9rer les tokens des joueurs, j&rsquo;utilise le module \u00ab\u00a0<a href=\"https:\/\/foundryvtt.com\/packages\/monks-common-display\" data-type=\"link\" data-id=\"https:\/\/foundryvtt.com\/packages\/monks-common-display\">Monk&rsquo;s Common Display<\/a>\u00a0\u00bb qui permet de g\u00e9rer les personnages avec 1 seul \u00ab\u00a0user\u00a0\u00bb. Il permet \u00e9galement de synchroniser facilement la vue avec celle du MJ, et de faire dispara\u00eetre automatiquement les images montr\u00e9es au joueur apr\u00e8s un \u00ab\u00a0timeout\u00a0\u00bb.<\/p>\n\n\n\n<p>Les fiches des persos sont toutes au format papier, je les mets \u00e0 jour en d\u00e9but de partie, et je synchronise les persos dans Foundry \u00e0 la fin de la partie. Cela permet de conserver une tra\u00e7abilit\u00e9 pour le MJ, mais \u00e9galement \u00e0 basculer en ligne \u00e9ventuellement si besoin.<\/p>\n\n\n\n<p><strong>Photo rapide de la vue c\u00f4t\u00e9 joueurs<\/strong><\/p>\n\n\n<div class=\"wp-block-image is-resized\">\n<figure class=\"aligncenter size-large\"><img loading=\"lazy\" decoding=\"async\" width=\"1024\" height=\"866\" src=\"https:\/\/www.lahiette.com\/leratierbretonnien\/wp-content\/uploads\/2020\/08\/photo_foundry_local-1024x866.jpg\" alt=\"\" class=\"wp-image-1798\" srcset=\"https:\/\/www.lahiette.com\/leratierbretonnien\/wp-content\/uploads\/2020\/08\/photo_foundry_local-1024x866.jpg 1024w, https:\/\/www.lahiette.com\/leratierbretonnien\/wp-content\/uploads\/2020\/08\/photo_foundry_local-300x254.jpg 300w, https:\/\/www.lahiette.com\/leratierbretonnien\/wp-content\/uploads\/2020\/08\/photo_foundry_local-768x650.jpg 768w, https:\/\/www.lahiette.com\/leratierbretonnien\/wp-content\/uploads\/2020\/08\/photo_foundry_local.jpg 1339w\" sizes=\"auto, (max-width: 1024px) 100vw, 1024px\" \/><figcaption class=\"wp-element-caption\">La souris des joueurs (\u00e0 gauche), une feuille de perso imprim\u00e9e depuis Foundry (en bas \u00e0 droite), l&rsquo;\u00e9cran des joueurs et son cadre (le PC portable du MJ est juste derri\u00e8re) et diff\u00e9rents potions de soins et rations de voyages. Ici une premi\u00e8re version de 2021, sans les panneaux lat\u00e9raux.<\/figcaption><\/figure>\n<\/div>\n\n\n<h2 class=\"wp-block-heading\"><strong>Gestion de la double souris<\/strong><\/h2>\n\n\n\n<p>Si vous souhaitez que les joueurs puissent maniper un peu (changer de vue, explorer des documents, etc) on peut cr\u00e9er 2 pointeurs de souris ind\u00e9pendants (et m\u00eame clavier si vous voulez). <\/p>\n\n\n\n<p><strong>Pour Linux : <\/strong><\/p>\n\n\n\n<ul class=\"wp-block-list\">\n<li>Passez en user root<\/li>\n\n\n\n<li>Cr\u00e9er un nouveau pointeur\/input avec : <code>xinput create-master aux<\/code><\/li>\n\n\n\n<li>Afficher la liste des inputs possibles avec <code>xinput list<\/code>. Un nouveau pointeur &lsquo;aux&rsquo; de type &lsquo;Mouse&rsquo; devrait appara\u00eetre, notez son id. <\/li>\n\n\n\n<li>Dans cette liste, identifiez la souris (et\/ou) le clavier que vous souhaitez attacher au pointeur &lsquo;aux&rsquo; et notez son id \u00e9galement.<\/li>\n\n\n\n<li>Puis ex\u00e9cutez la commande <code>xinput reattach &lt;id-souris&gt; &lt;id-aux-souris&gt;<\/code>. Si vous souhaitez attacher \u00e9galement un second clavier, faites <code>xinput reattach &lt;id-clavier&gt; &lt;id-aux-clavier&gt;<\/code><\/li>\n\n\n\n<li>Si vous d\u00e9placez la souris ainsi r\u00e9-attach\u00e9e, vous devez d\u00e9placer le second curseur.<\/li>\n<\/ul>\n\n\n\n<p><strong>Pour Windows : <\/strong><\/p>\n\n\n\n<p>Sous Windows, installez l&rsquo;outil <a href=\"https:\/\/mousemux.com\/\">MouseMux<\/a> qui vous permettra de g\u00e9rer plusieurs souris.<\/p>\n\n\n\n<h2 class=\"wp-block-heading\"><br><strong>Y&rsquo;a des retours l\u00e0-dessus ?<\/strong><\/h2>\n\n\n\n<p>Comme mes joueurs et joueuses sont plut\u00f4t de la vieille \u00e9cole &#8211; comme moi &#8211; ils ont d&rsquo;abord accueilli \u00e7a avec scepticisme, voir moqueries, voir les deux (mais c&rsquo;est comme \u00e7a que je les aime \ud83d\ude42 ). Et puis apr\u00e8s la premi\u00e8re partie, ils ont \u00e9t\u00e9 enti\u00e8rement conquis, et ont reconnu que \u00e7a n&rsquo;occultait en aucune mani\u00e8re le jeu de r\u00f4le (au sens propre) ni l&rsquo;imagination.<\/p>\n","protected":false},"excerpt":{"rendered":"<p>De quoi ? Apr\u00e8s avoir pass\u00e9 3 mois en confinement, avec 2 parties par semaine en ligne via FoundryVTT, j&rsquo;ai commenc\u00e9 \u00e0 voir que l&rsquo;outil pouvait apporter \u00e9galement une s\u00e9rieuse assistance au MJ pour les parties physiques (In Real Life, &hellip; <a href=\"https:\/\/www.lahiette.com\/leratierbretonnien\/foundryvtt-pour-table-reelle\/\">Continuer la lecture <span class=\"meta-nav\">&rarr;<\/span><\/a><\/p>\n","protected":false},"author":1,"featured_media":0,"parent":0,"menu_order":0,"comment_status":"open","ping_status":"closed","template":"","meta":{"footnotes":""},"class_list":["post-1791","page","type-page","status-publish","hentry"],"_links":{"self":[{"href":"https:\/\/www.lahiette.com\/leratierbretonnien\/wp-json\/wp\/v2\/pages\/1791","targetHints":{"allow":["GET"]}}],"collection":[{"href":"https:\/\/www.lahiette.com\/leratierbretonnien\/wp-json\/wp\/v2\/pages"}],"about":[{"href":"https:\/\/www.lahiette.com\/leratierbretonnien\/wp-json\/wp\/v2\/types\/page"}],"author":[{"embeddable":true,"href":"https:\/\/www.lahiette.com\/leratierbretonnien\/wp-json\/wp\/v2\/users\/1"}],"replies":[{"embeddable":true,"href":"https:\/\/www.lahiette.com\/leratierbretonnien\/wp-json\/wp\/v2\/comments?post=1791"}],"version-history":[{"count":63,"href":"https:\/\/www.lahiette.com\/leratierbretonnien\/wp-json\/wp\/v2\/pages\/1791\/revisions"}],"predecessor-version":[{"id":2891,"href":"https:\/\/www.lahiette.com\/leratierbretonnien\/wp-json\/wp\/v2\/pages\/1791\/revisions\/2891"}],"wp:attachment":[{"href":"https:\/\/www.lahiette.com\/leratierbretonnien\/wp-json\/wp\/v2\/media?parent=1791"}],"curies":[{"name":"wp","href":"https:\/\/api.w.org\/{rel}","templated":true}]}}