{"id":112,"date":"2018-02-27T20:13:22","date_gmt":"2018-02-27T19:13:22","guid":{"rendered":"http:\/\/www.lahiette.com\/leratierbretonnien\/?page_id=112"},"modified":"2020-03-07T08:10:41","modified_gmt":"2020-03-07T07:10:41","slug":"wargames-figurines","status":"publish","type":"page","link":"https:\/\/www.lahiette.com\/leratierbretonnien\/wargames-figurines\/","title":{"rendered":"Wargames\/Figurines"},"content":{"rendered":"<h2>Eden<\/h2>\n<p><a href=\"https:\/\/www.lahiette.com\/leratierbretonnien\/wargames-figurines\/eden\/\">Le jeu (fran\u00e7ais!) d&rsquo;escarmouche post-apo<\/a><\/p>\n<h2>Dracula&rsquo;s America<\/h2>\n<p><a href=\"https:\/\/www.lahiette.com\/leratierbretonnien\/wargames-figurines\/draculas-america\/\">De l&rsquo;escamourche Western<\/a>, type Deadlands<\/p>\n<h2>Quelques liens<\/h2>\n<p>Battle Mat :<\/p>\n<ul>\n<li>https:\/\/www.gamemat.eu\/ : Pas test\u00e9.<\/li>\n<li>https:\/\/www.urbanmatz.com\/ : Tr\u00e8s bonne qualit\u00e9.<\/li>\n<li>http:\/\/www.pworkwargames.com\/ : Pas test\u00e9.<\/li>\n<li>http:\/\/wars175x.narod.ru\/wargameprint\/ : Des images haute d\u00e9finition \u00e0 faire imprimer, toutes dimensions. Regardez le catalogue !<\/li>\n<\/ul>\n<p>D\u00e9cors :<\/p>\n<ul>\n<li>https:\/\/www.sarissa-precision.com\/ : Le meilleur rapport qualit\u00e9\/prix en MDF \u00e0 mon sens.<\/li>\n<li>http:\/\/blotz.co.uk\/ : Du MDF, dans la m\u00eame gamme de tarifs que Sarissa, amsi en moins joli je trouve.<\/li>\n<li>http:\/\/www.vindis-miniatures.eu\/ : Tr\u00e9s jolis d\u00e9cors, fran\u00e7ais qui plus est !<\/li>\n<li>https:\/\/www.4ground.co.uk\/ : Du MDF pr\u00e9peint tr\u00e8s beau mais &#8230; cher.<\/li>\n<li>http:\/\/stores.ebay.fr\/Arcane-Scenery-and-Models : Divers.<\/li>\n<li>https:\/\/ttcombat.com\/ : Les d\u00e9cors MDF les moins chers.<\/li>\n<li>https:\/\/www.multiversegamingterrain.com : Divers.<\/li>\n<li>http:\/\/en.umbum.ru\/ : Du \u00ab\u00a0cardboard\u00a0\u00bb Russe d&rsquo;excellente qualit\u00e9.<\/li>\n<\/ul>\n<p>Figurines\/Jeux :<\/p>\n<ul>\n<li>http:\/\/www.eden-the-game.com\/ : Pour le jeu du m\u00eame nom.<\/li>\n<li>http:\/\/www.studio-tomahawk.com\/ : Pour les r\u00e8gles de Dracula America et Frostgrave en Fran\u00e7ais\/<\/li>\n<li>http:\/\/mobile.hobbyshop.fr\/ : De tout pour tous.<\/li>\n<li>http:\/\/www.northstarfigures.com\/ : \u00c9norm\u00e9ment de choix en 28mm, avec notamment les gammes officielles pour Dracula America et Frostgrave.<\/li>\n<li>http:\/\/www.rebelminis.com\/index.html : Du 28mm pour Dracula America.<\/li>\n<li>http:\/\/www.rafm.com\/ : Un peu de tout, mais la section Cthlulhu contient des figurines originales.<\/li>\n<li>https:\/\/cpmodels.co.uk\/ : Un peu de tout dans diverses tailles, figurines assez originales.<\/li>\n<li>https:\/\/www.midlamminiatures.co.uk\/ : Fantasy, avec pas mal de trucs originaux, notamment dans les monstres.<\/li>\n<li>http:\/\/heresyminiatures.com\/ : Divers, mais pas mal de monstres utilisables dans divers jeux.<\/li>\n<li>http:\/\/otherworldminiatures.co.uk : Tr\u00e8s divers et vari\u00e9s<\/li>\n<li>https:\/\/fenrisgames.com\/ : \u00c9norm\u00e9ment de choix<\/li>\n<li>https:\/\/www.paymastergames.com\/ : Des figurines tr\u00e8s originales d&rsquo;Indiens et des monstres associ\u00e9s<\/li>\n<li>https:\/\/www.shop.scotiagrendel.com\/ : Figurines asiatiques, steampunk, futuriste et aztec (d\u00e9cors)<\/li>\n<li>https:\/\/en.avatars-of-war.com\/ : Pour du warhammer ou fantasy avec armes \u00e0 feu.<\/li>\n<li>http:\/\/www.erichotz.com\/white_pdf_minaitures.html : Liste de revendeurs de fig Old West.<\/li>\n<\/ul>\n\n\n<p><\/p>\n","protected":false},"excerpt":{"rendered":"<p>Eden Le jeu (fran\u00e7ais!) d&rsquo;escarmouche post-apo Dracula&rsquo;s America De l&rsquo;escamourche Western, type Deadlands Quelques liens Battle Mat : https:\/\/www.gamemat.eu\/ : Pas test\u00e9. https:\/\/www.urbanmatz.com\/ : Tr\u00e8s bonne qualit\u00e9. http:\/\/www.pworkwargames.com\/ : Pas test\u00e9. http:\/\/wars175x.narod.ru\/wargameprint\/ : Des images haute d\u00e9finition \u00e0 faire imprimer, &hellip; <a href=\"https:\/\/www.lahiette.com\/leratierbretonnien\/wargames-figurines\/\">Continuer la lecture <span class=\"meta-nav\">&rarr;<\/span><\/a><\/p>\n","protected":false},"author":1,"featured_media":0,"parent":0,"menu_order":0,"comment_status":"closed","ping_status":"closed","template":"","meta":{"footnotes":""},"class_list":["post-112","page","type-page","status-publish","hentry"],"_links":{"self":[{"href":"https:\/\/www.lahiette.com\/leratierbretonnien\/wp-json\/wp\/v2\/pages\/112","targetHints":{"allow":["GET"]}}],"collection":[{"href":"https:\/\/www.lahiette.com\/leratierbretonnien\/wp-json\/wp\/v2\/pages"}],"about":[{"href":"https:\/\/www.lahiette.com\/leratierbretonnien\/wp-json\/wp\/v2\/types\/page"}],"author":[{"embeddable":true,"href":"https:\/\/www.lahiette.com\/leratierbretonnien\/wp-json\/wp\/v2\/users\/1"}],"replies":[{"embeddable":true,"href":"https:\/\/www.lahiette.com\/leratierbretonnien\/wp-json\/wp\/v2\/comments?post=112"}],"version-history":[{"count":21,"href":"https:\/\/www.lahiette.com\/leratierbretonnien\/wp-json\/wp\/v2\/pages\/112\/revisions"}],"predecessor-version":[{"id":1289,"href":"https:\/\/www.lahiette.com\/leratierbretonnien\/wp-json\/wp\/v2\/pages\/112\/revisions\/1289"}],"wp:attachment":[{"href":"https:\/\/www.lahiette.com\/leratierbretonnien\/wp-json\/wp\/v2\/media?parent=112"}],"curies":[{"name":"wp","href":"https:\/\/api.w.org\/{rel}","templated":true}]}}