{"id":1703,"date":"2020-06-03T22:02:09","date_gmt":"2020-06-03T20:02:09","guid":{"rendered":"http:\/\/www.lahiette.com\/leratierbretonnien\/wp-content\/uploads\/2020\/06\/\u00e9cluse-\u00e9tage.png"},"modified":"2020-06-03T22:06:56","modified_gmt":"2020-06-03T20:06:56","slug":"ecluse-etage","status":"inherit","type":"attachment","link":"https:\/\/www.lahiette.com\/leratierbretonnien\/ecluse-etage\/","title":{"rendered":"\u00e9cluse \u00e9tage"},"author":1,"featured_media":0,"comment_status":"open","ping_status":"closed","template":"","meta":[],"class_list":["post-1703","attachment","type-attachment","status-inherit","hentry"],"description":{"rendered":"<p class=\"attachment\"><a href='https:\/\/www.lahiette.com\/leratierbretonnien\/wp-content\/uploads\/2020\/06\/\u00e9cluse-\u00e9tage.png'><img loading=\"lazy\" decoding=\"async\" width=\"300\" height=\"300\" src=\"https:\/\/www.lahiette.com\/leratierbretonnien\/wp-content\/uploads\/2020\/06\/\u00e9cluse-\u00e9tage-300x300.png\" class=\"attachment-medium size-medium\" alt=\"\" srcset=\"https:\/\/www.lahiette.com\/leratierbretonnien\/wp-content\/uploads\/2020\/06\/\u00e9cluse-\u00e9tage-300x300.png 300w, https:\/\/www.lahiette.com\/leratierbretonnien\/wp-content\/uploads\/2020\/06\/\u00e9cluse-\u00e9tage-1024x1024.png 1024w, https:\/\/www.lahiette.com\/leratierbretonnien\/wp-content\/uploads\/2020\/06\/\u00e9cluse-\u00e9tage-150x150.png 150w, https:\/\/www.lahiette.com\/leratierbretonnien\/wp-content\/uploads\/2020\/06\/\u00e9cluse-\u00e9tage-768x768.png 768w, https:\/\/www.lahiette.com\/leratierbretonnien\/wp-content\/uploads\/2020\/06\/\u00e9cluse-\u00e9tage-1536x1536.png 1536w, https:\/\/www.lahiette.com\/leratierbretonnien\/wp-content\/uploads\/2020\/06\/\u00e9cluse-\u00e9tage.png 1750w\" sizes=\"auto, (max-width: 300px) 100vw, 300px\" \/><\/a><\/p>\n"},"caption":{"rendered":"<p>Ecluse, premier \u00e9tage <a href=\"https:\/\/www.lahiette.com\/leratierbretonnien\/ecluse-etage\/\">Continuer la lecture <span class=\"meta-nav\">&rarr;<\/span><\/a><\/p>\n"},"alt_text":"","media_type":"image","mime_type":"image\/png","media_details":{"width":1750,"height":1750,"file":"2020\/06\/\u00e9cluse-\u00e9tage.png","sizes":{"medium":{"file":"\u00e9cluse-\u00e9tage-300x300.png","width":300,"height":300,"mime_type":"image\/png","source_url":"https:\/\/www.lahiette.com\/leratierbretonnien\/wp-content\/uploads\/2020\/06\/\u00e9cluse-\u00e9tage-300x300.png"},"large":{"file":"\u00e9cluse-\u00e9tage-1024x1024.png","width":1024,"height":1024,"mime_type":"image\/png","source_url":"https:\/\/www.lahiette.com\/leratierbretonnien\/wp-content\/uploads\/2020\/06\/\u00e9cluse-\u00e9tage-1024x1024.png"},"thumbnail":{"file":"\u00e9cluse-\u00e9tage-150x150.png","width":150,"height":150,"mime_type":"image\/png","source_url":"https:\/\/www.lahiette.com\/leratierbretonnien\/wp-content\/uploads\/2020\/06\/\u00e9cluse-\u00e9tage-150x150.png"},"medium_large":{"file":"\u00e9cluse-\u00e9tage-768x768.png","width":768,"height":768,"mime_type":"image\/png","source_url":"https:\/\/www.lahiette.com\/leratierbretonnien\/wp-content\/uploads\/2020\/06\/\u00e9cluse-\u00e9tage-768x768.png"},"1536x1536":{"file":"\u00e9cluse-\u00e9tage-1536x1536.png","width":1536,"height":1536,"mime_type":"image\/png","source_url":"https:\/\/www.lahiette.com\/leratierbretonnien\/wp-content\/uploads\/2020\/06\/\u00e9cluse-\u00e9tage-1536x1536.png"},"post-thumbnail":{"file":"\u00e9cluse-\u00e9tage-940x198.png","width":940,"height":198,"mime_type":"image\/png","source_url":"https:\/\/www.lahiette.com\/leratierbretonnien\/wp-content\/uploads\/2020\/06\/\u00e9cluse-\u00e9tage-940x198.png"},"full":{"file":"\u00e9cluse-\u00e9tage.png","width":1750,"height":1750,"mime_type":"image\/png","source_url":"https:\/\/www.lahiette.com\/leratierbretonnien\/wp-content\/uploads\/2020\/06\/\u00e9cluse-\u00e9tage.png"}},"image_meta":{"aperture":"0","credit":"","camera":"","caption":"","created_timestamp":"0","copyright":"","focal_length":"0","iso":"0","shutter_speed":"0","title":"","orientation":"0","keywords":[]}},"post":null,"source_url":"https:\/\/www.lahiette.com\/leratierbretonnien\/wp-content\/uploads\/2020\/06\/\u00e9cluse-\u00e9tage.png","_links":{"self":[{"href":"https:\/\/www.lahiette.com\/leratierbretonnien\/wp-json\/wp\/v2\/media\/1703","targetHints":{"allow":["GET"]}}],"collection":[{"href":"https:\/\/www.lahiette.com\/leratierbretonnien\/wp-json\/wp\/v2\/media"}],"about":[{"href":"https:\/\/www.lahiette.com\/leratierbretonnien\/wp-json\/wp\/v2\/types\/attachment"}],"author":[{"embeddable":true,"href":"https:\/\/www.lahiette.com\/leratierbretonnien\/wp-json\/wp\/v2\/users\/1"}],"replies":[{"embeddable":true,"href":"https:\/\/www.lahiette.com\/leratierbretonnien\/wp-json\/wp\/v2\/comments?post=1703"}]}}

http://www.lahiette.com/leratierbretonnien/wp-content/uploads/2020/06/écluse-étage.png

écluse étage

<p class="attachment"><a href='https://www.lahiette.com/leratierbretonnien/wp-content/uploads/2020/06/écluse-étage.png'><img loading="lazy" decoding="async" width="300" height="300" src="https://www.lahiette.com/leratierbretonnien/wp-content/uploads/2020/06/écluse-étage-300x300.png" class="attachment-medium size-medium" alt="" srcset="https://www.lahiette.com/leratierbretonnien/wp-content/uploads/2020/06/écluse-étage-300x300.png 300w, https://www.lahiette.com/leratierbretonnien/wp-content/uploads/2020/06/écluse-étage-1024x1024.png 1024w, https://www.lahiette.com/leratierbretonnien/wp-content/uploads/2020/06/écluse-étage-150x150.png 150w, https://www.lahiette.com/leratierbretonnien/wp-content/uploads/2020/06/écluse-étage-768x768.png 768w, https://www.lahiette.com/leratierbretonnien/wp-content/uploads/2020/06/écluse-étage-1536x1536.png 1536w, https://www.lahiette.com/leratierbretonnien/wp-content/uploads/2020/06/écluse-étage.png 1750w" sizes="auto, (max-width: 300px) 100vw, 300px" /></a></p>

<p>Ecluse, premier étage <a href="https://www.lahiette.com/leratierbretonnien/ecluse-etage/">Continuer la lecture <span class="meta-nav">&rarr;</span></a></p>

2020/06/écluse-étage.png

écluse-étage-300x300.png

https://www.lahiette.com/leratierbretonnien/wp-content/uploads/2020/06/écluse-étage-300x300.png

écluse-étage-1024x1024.png

https://www.lahiette.com/leratierbretonnien/wp-content/uploads/2020/06/écluse-étage-1024x1024.png

écluse-étage-150x150.png

https://www.lahiette.com/leratierbretonnien/wp-content/uploads/2020/06/écluse-étage-150x150.png

écluse-étage-768x768.png

https://www.lahiette.com/leratierbretonnien/wp-content/uploads/2020/06/écluse-étage-768x768.png

écluse-étage-1536x1536.png

https://www.lahiette.com/leratierbretonnien/wp-content/uploads/2020/06/écluse-étage-1536x1536.png

écluse-étage-940x198.png

https://www.lahiette.com/leratierbretonnien/wp-content/uploads/2020/06/écluse-étage-940x198.png

écluse-étage.png

https://www.lahiette.com/leratierbretonnien/wp-content/uploads/2020/06/écluse-étage.png
